{"id":3392,"date":"2022-09-15T13:50:16","date_gmt":"2022-09-15T13:50:16","guid":{"rendered":"http:\/\/web.fadecs.uncoma.edu.ar\/?page_id=3392"},"modified":"2023-09-28T08:23:14","modified_gmt":"2023-09-28T11:23:14","slug":"secretaria-de-bienestar-estudiantil","status":"publish","type":"page","link":"https:\/\/fadeweb.uncoma.edu.ar\/index.php\/secretaria-de-bienestar-estudiantil\/","title":{"rendered":"SECRETARIA DE BIENESTAR ESTUDIANTIL"},"content":{"rendered":"\t\t<div data-elementor-type=\"wp-page\" data-elementor-id=\"3392\" class=\"elementor elementor-3392\" data-elementor-post-type=\"page\">\n\t\t\t\t\t\t<section class=\"elementor-section elementor-top-section elementor-element elementor-element-8d11dc9 elementor-section-boxed elementor-section-height-default elementor-section-height-default\" data-id=\"8d11dc9\" data-element_type=\"section\" data-e-type=\"section\">\n\t\t\t\t\t\t<div class=\"elementor-container elementor-column-gap-default\">\n\t\t\t\t\t<div class=\"elementor-column elementor-col-100 elementor-top-column elementor-element elementor-element-c3fc8c4\" data-id=\"c3fc8c4\" data-element_type=\"column\" data-e-type=\"column\">\n\t\t\t<div class=\"elementor-widget-wrap elementor-element-populated\">\n\t\t\t\t\t\t<div class=\"elementor-element elementor-element-cdfcda6 elementor-widget elementor-widget-heading\" data-id=\"cdfcda6\" data-element_type=\"widget\" data-e-type=\"widget\" data-widget_type=\"heading.default\">\n\t\t\t\t<div class=\"elementor-widget-container\">\n\t\t\t\t\t<h2 class=\"elementor-heading-title elementor-size-default\">SECRETARIA DE BIENESTAR ESTUDIANTIL<\/h2>\t\t\t\t<\/div>\n\t\t\t\t<\/div>\n\t\t\t\t<section class=\"elementor-section elementor-inner-section elementor-element elementor-element-048cfb4 elementor-section-boxed elementor-section-height-default elementor-section-height-default\" data-id=\"048cfb4\" data-element_type=\"section\" data-e-type=\"section\">\n\t\t\t\t\t\t<div class=\"elementor-container elementor-column-gap-default\">\n\t\t\t\t\t<div class=\"elementor-column elementor-col-50 elementor-inner-column elementor-element elementor-element-9b8ee51\" data-id=\"9b8ee51\" data-element_type=\"column\" data-e-type=\"column\">\n\t\t\t<div class=\"elementor-widget-wrap elementor-element-populated\">\n\t\t\t\t\t\t<div class=\"elementor-element elementor-element-e8beec6 elementor-widget elementor-widget-text-editor\" data-id=\"e8beec6\" data-element_type=\"widget\" data-e-type=\"widget\" data-widget_type=\"text-editor.default\">\n\t\t\t\t<div class=\"elementor-widget-container\">\n\t\t\t\t\t\t\t\t\t<h3 class=\"titulo3\">BIENESTAR UNIVERSITARIO<\/h3><h4 class=\"titulo3\"><span class=\"subt1\">Secretaria de Bienestar <\/span><span class=\"subt1\">Estudiantil FADECS<\/span><\/h4><p class=\"titulo3\"><span class=\"texto\">Lic. Mariela P\u00e9rez<\/span><\/p><p class=\"texto\">La Secretar\u00eda de Bienestar Estudiantil de la Facultad, a trav\u00e9s de Bienestar Universitario, ofrece:<\/p><p class=\"texto\"><strong>1) \u00c1rea de Beneficios Estudiantiles:<\/strong> a cargo de la Lic. Mariela P\u00e9rez. Consiste en la gesti\u00f3n, seguimiento, evaluaci\u00f3n y renovaci\u00f3n de los beneficios universitarios.<\/p><p class=\"texto\"><strong><a name=\"b1\"><\/a>Beca de Ayuda Econ\u00f3mica:<\/strong> Asignaciones monetarias para solventar gastos de estudio. Las inscripciones se realizan en diciembre y febrero de cada a\u00f1o.<br \/>El acompa\u00f1amiento econ\u00f3mico es de $9000, mensuales, durante todo el a\u00f1o. Es un monto que se actualiza cada ciclo acad\u00e9mico.<\/p><p class=\"texto\">Las inscripciones se realizan en diciembre y febrero de cada a\u00f1o, en el actual contexto se realiza de manera virtual a trav\u00e9s de un formulario que esta disponible en las fechas ya mencionadas. Durante el a\u00f1o pueden tramitarse Becas de Emergencia, si corresponde.<\/p><p class=\"texto\">Para completar la postulaci\u00f3n se deber\u00e1n adjuntar\u00a0 la siguiente documentaci\u00f3n:<\/p><p class=\"texto\"><strong>Requisitos para inscribirse al sistema de becas:<\/strong><\/p><ul><li class=\"texto\"><strong>Alumnos Ingresantes:<\/strong> Constancia de inscripci\u00f3n a la Universidad, con n\u00famero de legajo. No se deben adeudar materias del secundario, al momento de inscripci\u00f3n.<\/li><li class=\"texto\"><strong>Alumnos Activos y Regulares:<\/strong> Rendimiento Acad\u00e9mico Completo.<\/li><\/ul><p class=\"texto\"><strong>Documentaci\u00f3n a presentar:<\/strong><br \/><strong>* Fotocopia D.N.I. (ambos lados)<\/strong>.<br \/><strong>* Fotocopia Constancia de CUIL<\/strong><br \/><strong>* Ingresos econ\u00f3micos del alumno y\/o su grupo familiar:<\/strong><\/p><ul><li style=\"list-style-type: none;\"><ul><li class=\"texto\">Completar Formulario de Declaraci\u00f3n Jurada de Ingresos totales en la instancia de postulaci\u00f3n.<\/li><li class=\"texto\">En caso de trabajar en relaci\u00f3n de dependencia o recibir alg\u00fan tipo de beneficio social o pensi\u00f3n, deber\u00e1 presentar los recibos de sueldo o previsional correspondiente.<\/li><li class=\"texto\">Si no posee ingresos bajo relaci\u00f3n de dependencia deber\u00e1 presentar una Declaraci\u00f3n Jurada de ingresos (especificando monto percibido y el tipo de tarea realizada).<\/li><li class=\"texto\">Si se trata de un trabajador aut\u00f3nomo deber\u00e1 presentar el comprobante de inscripci\u00f3n y la \u00faltima declaraci\u00f3n jurada de ingresos mensuales.<\/li><li class=\"texto\">Si es monotributista, deber\u00e1 presentar la constancia de inscripci\u00f3n o de opci\u00f3n en la que figura la categor\u00eda. Si ademas desempe\u00f1a alguna actividad comercial deber\u00e1 presentar impuestos pagados.<\/li><li class=\"texto\">Si los padres est\u00e1n separados\/divorciados y uno de ellos realiza aportes al grupo familiar deber\u00e1 presentar sentencia judicial donde conste el aporte o una declaraci\u00f3n jurada de los mismos.<\/li><\/ul><\/li><\/ul><p class=\"texto\"><strong>* Vivienda del alumno y\/o grupo familiar, si es:<\/strong><\/p><ul><li class=\"texto\">Alquilada: presentar fotocopia\/s \u00faltimo\/s recibo\/s pago\/s<\/li><li class=\"texto\">Prestada o cedida: presentar constancia de cesi\u00f3n.<\/li><li class=\"texto\">Adquirida por Plan de Viv. o Cr\u00e9dito Hipotecario: fotocopia \u00faltimo comprobante de pago de cuota.<\/li><li class=\"texto\">Propia: fotocopia del ultimo recibo de Impuesto Inmobiliario abonado.<\/li><\/ul><p class=\"texto\"><strong>* Servicios y\/o impuesto<\/strong>s: deber\u00e1n presentar fotocopias de los comprobantes abonados de:<\/p><ul><li style=\"list-style-type: none;\"><ul><li class=\"texto\">Agua<\/li><li class=\"texto\">Luz y gas<\/li><li class=\"texto\">Obra Social \u00a8Prepaga<\/li><li class=\"texto\">Retributivos (impuesto municipal)<\/li><li class=\"texto\">Tel\u00e9fono.<\/li><\/ul><\/li><\/ul><p class=\"texto\"><strong>* Los Alumnos y\/o integrantes del grupo familiar conviviente con discapacidad o enfermedad,<\/strong> deber\u00e1n adjuntar certificado m\u00e9dico con diagn\u00f3stico y gastos de salud en tratamientos prolongados: (medicaci\u00f3n, estudios, etc.), debidamente certificados por el m\u00e9dico.<strong><a id=\"b3\" name=\"b3\"><\/a><\/strong><\/p><p class=\"texto\"><strong>Beca de Residencias<u>:<\/u><\/strong> Alojamiento en las residencias que tiene la facultad, ubicadas dentro del predio universitario. Las inscripciones est\u00e1n abiertas todo el a\u00f1o, sujetas a disponibilidad de plazas.<\/p><p class=\"texto\">Se asigna un plaza de alojamiento en las residencias que tiene la facultad. Son d\u00faplex con capacidad para 4 y 6 personas, ubicados dentro del predio de la Facultad. Los requisitos de inscripci\u00f3n son los mismos que para acceder a las becas econ\u00f3micas. Para saber si hay plazas disponibles, consultar en Bienestar, durante todo el a\u00f1o, ya que puede producirse una vacante.<\/p><p class=\"texto\">El\/la estudiante debe solventar los pagos de los servicios (gas, luz y agua), adem\u00e1s de aceptar las pautas del reglamento de convivencia.<\/p><p class=\"texto\"><strong>PERIODOS DE INSCRIPCI\u00d3N A <\/strong><br \/><strong>BECAS DE AYUDA ECON\u00d3MICA\u00a0<\/strong><\/p><ul><li class=\"texto\"><strong>DICIEMBRE\u00a0<\/strong><\/li><li class=\"texto\"><strong>FEBRERO\u00a0<\/strong><\/li><\/ul><p class=\"texto\"><strong>Documentaci\u00f3n, requisitos y formulario de inscripci\u00f3n haciendo <\/strong><br \/><strong>CLICK AQUI: <\/strong><a href=\"http:\/\/becas.uncoma.edu.ar\/\"><strong>http:\/\/becas.uncoma.edu.ar<\/strong><\/a><\/p><p class=\"texto\"><strong>Para consulta sobre la documentaci\u00f3n que ten\u00e9s que adjuntar pod\u00e9s enviar un correo a: <\/strong><a href=\"mailto:inscripcion.becas@central.uncoma.edu.ar\"><strong>inscripcion.becas@central.uncoma.edu.ar<\/strong><\/a><\/p><p class=\"texto\"><strong>\u00a0<\/strong><strong><a id=\"b2\" name=\"b2\"><\/a><\/strong><\/p><p class=\"texto\"><strong>Beca de transporte para estudiantes con discapacidad motora<u>:<\/u><\/strong> consiste en una ayuda econ\u00f3mica para solventar los\u00a0 gastos de transporte del\/la estudiante desde su domicilio a la Facultad, en los casos en los que no pueda acceder al transporte p\u00fablico.\u00a0 Los requisitos de inscripci\u00f3n son los mismos que para acceder a las becas econ\u00f3micas. Debe presentar, adem\u00e1s, certificado de discapacidad. Est\u00e1 dirigido a estudiantes con discapacidad motora. El monto de la asignaci\u00f3n dineraria es de $ 6000, se actualiza anualmente y se percibe en 10 cuotas.<\/p><p><strong><a id=\"b4\" name=\"b4\"><\/a><\/strong><\/p><p class=\"texto\"><strong>Plan alimentario: <\/strong>se realiza la elaboraci\u00f3n de los alimentos, para les estudiantes con un costo m\u00ednimo.\u00a0 En nuestro propio edificio funciona el comedor universitario, tambi\u00e9n se realizan actividades de encuentro y estudio. Tambi\u00e9n hay becas de comedor.<\/p><p><strong><a id=\"b\" name=\"b5\"><\/a><\/strong><\/p><p class=\"texto\"><strong>Beca de fotocopias: <\/strong>Se postulan en abril, de cada a\u00f1o. Est\u00e1 destinada los\/as estudiantes que no hayan obtenido becas de ayuda econ\u00f3mica o de residencia. Son 800 copias durante todo el a\u00f1o, para materias que est\u00e9n inscriptos para el cursado (no para rendir).<\/p><p class=\"texto\"><strong>Se realiza una entrevista a la cual se debe presentar: <\/strong>Rendimiento acad\u00e9mico completo y Fotoc. DNI.<\/p><p class=\"texto\"><strong>\u00a0<\/strong><strong><a id=\"b6\" name=\"b6\"><\/a><\/strong><\/p><p class=\"texto\"><strong>Becas de Emergencia: <\/strong><br \/>Es una ayuda econ\u00f3mica que apunta a cubrir situaciones coyunturales en la vida universitaria del estudiante, por un plazo no mayor a tres meses.<\/p><p class=\"texto\">Podr\u00e1n solicitar la Beca de Emergencia los estudiantes que registren actividad acad\u00e9mica durante el a\u00f1o en curso. Se entender\u00e1 como actividad acad\u00e9mica durante el primer cuatrimestre estar cursando dos tercios de las asignaturas previstas por el plan de estudios de la carrera que curse. Durante el segundo cuatrimestre, los solicitantes deber\u00e1n acreditar como m\u00ednimo, el 50% de las materias con final aprobado previstas para el primer cuatrimestre en el Plan de Estudios de la carrera y estar cursando materias correspondientes al segundo cuatrimestre. En el caso de materias anuales, deber\u00e1 acreditar la continuidad del 50% de los cursados.<\/p><p class=\"texto\">La documentaci\u00f3n a presentar ser\u00e1 la exigida para la Beca de Ayuda Econ\u00f3mica m\u00e1s la que certifique la situaci\u00f3n coyuntural que da origen a la solicitud.<\/p><p class=\"texto\"><strong><a id=\"b5\" name=\"a1\"><\/a><\/strong><\/p><p class=\"texto\"><strong>2) \u00c1rea de Psicolog\u00eda y Orientaci\u00f3n:<\/strong> a cargo de la Lic. Vanina Paschetta, si est\u00e1s interesado\/a escribinos a: <a href=\"mailto:bienestarestudiantil@fade.uncoma.edu.ar\">bienestarestudiantil@fade.uncoma.edu.ar<\/a><br \/>Los d\u00edas y horarios de atenci\u00f3n ser\u00e1n de lunes a vienes de 8 a 14hs<\/p><p class=\"texto\"><strong><a id=\"b7\" name=\"a2\"><\/a><\/strong><\/p><p class=\"texto\"><strong>3)<\/strong> <strong>\u00c1rea de Prevenci\u00f3n y Erradicaci\u00f3n de la Violencia de G\u00e9nero:<\/strong> a cargo de la Lic. Mariela P\u00e9rez y la Lic. Vanina Paschetta. Comprende a toda la comunidad universitaria: estudiantes, docentes, no docentes y graduados y sus objetivos son:<\/p><p class=\"texto\">*Promover en la comunidad universitaria un ambiente libre de violencias y discriminaci\u00f3n de cualquier tipo por razones de g\u00e9nero y\/o identidad sexual.<\/p><p class=\"texto\">*Fortalecer el trabajo de sensibilizaci\u00f3n, capacitaci\u00f3n, investigaci\u00f3n e informaci\u00f3n para la promoci\u00f3n y defensa de esos derechos, al interior de la comunidad universitaria.<\/p><p class=\"texto\">*Garantizar un abordaje integral de la problem\u00e1tica de las violencias de g\u00e9nero a lo largo de todo el proceso para promover\u00a0 actos de reparaci\u00f3n y justicia.<\/p><p class=\"texto\">*Recepcionar las denuncias efectuadas en el marco de la Ordenanza N\u00ba 1572 del 2014 de la UNCo, o normativa que en el futuro la reemplace.<\/p><p>PROTOCOLO DE INTERVENCI\u00d3N INSTITUCIONAL FRENTE A SITUACIONES DE VIOLENCIA SEXISTA\u00a0<\/p><p>\u00bfSab\u00edas que la Universidad Nacional del Comahue tiene un protocolo de intervenci\u00f3n Institucional frente a situaciones de violencia sexista, y que el mismo est\u00e1 en vigencia en la FADECS?<\/p><p>Est\u00e1 descripto en la <a href=\"https:\/\/fadeweb.uncoma.edu.ar\/wp-content\/uploads\/2023\/09\/ord_1572_2014_23.pdf\">Ordenanza N\u00ba 1572\/2014<\/a>: \u201cProtocolo de Intervenci\u00f3n Institucional ante denuncias por situaciones de Violencia Sexista en el \u00e1mbito de la Universidad\u201d<\/p><p>Algunos datos a tener en cuenta: <br \/>&#8211; La denuncia debe realizarse en la Secretar\u00eda de Bienestar Estudiantil. \u00c1rea que llevar\u00e1 adelante el acompa\u00f1amiento de la\/las personas denunciante\/s. <br \/>&#8211; Ser\u00e1 recepcionada por dos profesionales.<br \/>&#8211; La exposici\u00f3n de la situaci\u00f3n se llevar\u00e1 adelante por parte de la\/las persona\/s -directamente- afectada\/s. Elle puede estar acompa\u00f1ade por personas de su confianza, que le puedan contener y le alienten a realizar una descripci\u00f3n lo m\u00e1s detallada posible de lo sucedido. Se pueden realizar ampliaciones del relato. <br \/>-Finalizada \u00e9sta breve etapa, el procedimiento contin\u00faa en las \u00e1reas resolutivas de la unidad acad\u00e9mica. <br \/>&#8211; Toda la informaci\u00f3n del expediente es de car\u00e1cter reservado.<\/p><p>Desde la Secretar\u00eda de Bienestar Estudiantil les invitamos a acercarse a la oficina por cualquier consulta en relaci\u00f3n al protocolo de intervenci\u00f3n u otros acompa\u00f1amientos, en pos de continuar trabajando por una facultad libre de violencias.<\/p><p>Nuestras v\u00edas de contacto:<br \/>Tel\u00e9fono: 0298-154226274<br \/>Mail: bienestarestudiantil@fade.uncoma.edu.ar<\/p><div class=\"elementor-element elementor-element-ad20c49 elementor-widget elementor-widget-theme-post-title elementor-page-title elementor-widget-heading\" data-id=\"ad20c49\" data-element_type=\"widget\" data-widget_type=\"theme-post-title.default\"><div class=\"elementor-widget-container\"><h2 class=\"elementor-heading-title elementor-size-default\" style=\"padding-left: 40px;\">\u00a1BASTA DE VIOLENCIAS!<\/h2><\/div><\/div><div class=\"elementor-element elementor-element-e3d0a8f elementor-widget elementor-widget-theme-post-content\" style=\"padding-left: 40px;\" data-id=\"e3d0a8f\" data-element_type=\"widget\" data-widget_type=\"theme-post-content.default\"><div class=\"elementor-widget-container\" style=\"padding-left: 40px;\"><p style=\"padding-left: 40px;\">En el marco del mes de la no violencia, desde la Secretar\u00eda de Bienestar Estudiantil les invitamos a participar de un relevamiento de datos, sobre violencia por motivos de g\u00e9nero en el \u00e1mbito de la FADECS.<\/p><p style=\"padding-left: 40px;\">El objetivo del mismo es conocer la realidad de FADECS en relaci\u00f3n a esta tem\u00e1tica, buscando generar nuevos espacios de sensibilizaci\u00f3n.<\/p><p style=\"padding-left: 40px;\">Cabe destacar que la participaci\u00f3n es voluntaria y an\u00f3nima.<\/p><p style=\"padding-left: 40px;\">En el transcurso del mes se desarrollar\u00e1n diversas actividades en torno al 25N. Les invitamos a acompa\u00f1arnos.<\/p><p style=\"padding-left: 40px;\">A continuaci\u00f3n dejamos el link para acceder al cuestionario.<\/p><p style=\"padding-left: 40px;\"><a href=\"https:\/\/forms.gle\/eiHbWWCUeJ7XRHZF9\">https:\/\/forms.gle\/eiHbWWCUeJ7XRHZF9<\/a><\/p><p style=\"padding-left: 40px;\">El mismo estar\u00e1 disponible hasta el viernes 25\/11. Luego de esa fecha realizaremos el an\u00e1lisis de los resultados, y en el mes de diciembre les estaremos compartiendo algunos resultados.<\/p><\/div><\/div><p><strong><a id=\"b8\" name=\"a3\"><\/a><\/strong><\/p><p class=\"texto\"><strong>4) \u00c1rea de Accesibilidad<\/strong>: a cargo de la Lic. Helga Ticac. Realiza la difusi\u00f3n y concientizaci\u00f3n de la comunidad universitaria acerca de sus miembros con discapacidad o enfermedades cr\u00f3nicas, tendientes a una mayor integraci\u00f3n de lxs mismxs en el espacio f\u00edsico y social, con el principal fin de disminuir o eliminar las barreras f\u00edsicas y sociales para lxs estudiantes con discapacidad.<\/p><p class=\"texto\">Promover tareas de sensibilizaci\u00f3n y capacitaci\u00f3n a la comunidad universitaria, mediante los diversos cursos que se brindan, a saber: curso de lengua de se\u00f1as y cultura de la comunidad sorda; cursos de lectoescritura braille, entre otros.<\/p><p class=\"texto\">Si est\u00e1s interesado\/a escribinos a: <a href=\"mailto:accesibilidad@fade.uncoma.edu.ar\">accesibilidad@fade.uncoma.edu.ar<\/a><\/p><p class=\"texto\"><strong><a id=\"b9\" name=\"a4\"><\/a><\/strong><\/p><p class=\"texto\"><strong>5) \u00c1rea de Deportes y Recreaci\u00f3n:<\/strong> a cargo de las Lic. Mariela P\u00e9rez y Lic. Vanina Paschetta. Se orienta a satisfacer las necesidades de actividad f\u00edsica tanto en el \u00e1mbito del deporte recreativo como en el competitivo, debiendo organizar, conducir, y supervisar toda la actividad deportiva y recreativa libre y voluntaria de lxs estudiantes.<\/p>\t\t\t\t\t\t\t\t<\/div>\n\t\t\t\t<\/div>\n\t\t\t\t\t<\/div>\n\t\t<\/div>\n\t\t\t\t<div class=\"elementor-column elementor-col-50 elementor-inner-column elementor-element elementor-element-ec8c8a0\" data-id=\"ec8c8a0\" data-element_type=\"column\" data-e-type=\"column\">\n\t\t\t<div class=\"elementor-widget-wrap elementor-element-populated\">\n\t\t\t\t\t\t<div class=\"elementor-element elementor-element-3d3f578 elementor-widget elementor-widget-heading\" data-id=\"3d3f578\" data-element_type=\"widget\" data-e-type=\"widget\" data-widget_type=\"heading.default\">\n\t\t\t\t<div class=\"elementor-widget-container\">\n\t\t\t\t\t<h5 class=\"elementor-heading-title elementor-size-default\">ASUNTOS ESTUDIANTILES \/ <br>Bienestar<\/h5>\t\t\t\t<\/div>\n\t\t\t\t<\/div>\n\t\t\t\t<div class=\"elementor-element elementor-element-3c4998c elementor-widget elementor-widget-text-editor\" data-id=\"3c4998c\" data-element_type=\"widget\" data-e-type=\"widget\" data-widget_type=\"text-editor.default\">\n\t\t\t\t<div class=\"elementor-widget-container\">\n\t\t\t\t\t\t\t\t\t<p><strong>SERVICIOS<\/strong><\/p><ul><li><strong>Comedor Universitario<\/strong><\/li><\/ul><ul><li><strong><a href=\"#a1\">Atenci\u00f3n psicol\u00f3gica a estudiantes,<\/a><\/strong><\/li><\/ul><ul><li><a href=\"#a2\"><strong>\u00c1rea de Prevenci\u00f3n y Erradicaci\u00f3n de la Violencia de G\u00e9nero<\/strong><\/a><\/li><li><strong><a href=\"#a3\">\u00c1rea de Accesibilidad<\/a><\/strong><\/li><li><strong><a href=\"#a4\">\u00c1rea de Deportes y Recreaci\u00f3n<\/a><\/strong><\/li><\/ul><hr noshade=\"noshade\" \/><p><strong>BENEFICIOS<\/strong><\/p><p><a href=\"#b1\">Becas de Ayuda Econ\u00f3mica<\/a><\/p><p><a href=\"#b2\">Becas de Transporte<\/a><\/p><p><a href=\"#b3\">Becas de Residencia<\/a><\/p><p><a href=\"#b4\">Plan alimentario<\/a><\/p><p><a href=\"#b4\">Becas de Fotocopias<\/a><\/p><p><a href=\"#b6\">Becas de Emergencia<\/a><\/p><p>Comedor Universitario<\/p><p><img fetchpriority=\"high\" decoding=\"async\" class=\"alignnone size-large wp-image-15661\" src=\"https:\/\/fadeweb.uncoma.edu.ar\/wp-content\/uploads\/2023\/05\/vias-de-contacto-A4-1-724x1024.jpg\" alt=\"\" width=\"724\" height=\"1024\" srcset=\"https:\/\/fadeweb.uncoma.edu.ar\/wp-content\/uploads\/2023\/05\/vias-de-contacto-A4-1-724x1024.jpg 724w, https:\/\/fadeweb.uncoma.edu.ar\/wp-content\/uploads\/2023\/05\/vias-de-contacto-A4-1-212x300.jpg 212w, https:\/\/fadeweb.uncoma.edu.ar\/wp-content\/uploads\/2023\/05\/vias-de-contacto-A4-1-768x1086.jpg 768w, https:\/\/fadeweb.uncoma.edu.ar\/wp-content\/uploads\/2023\/05\/vias-de-contacto-A4-1-1086x1536.jpg 1086w, https:\/\/fadeweb.uncoma.edu.ar\/wp-content\/uploads\/2023\/05\/vias-de-contacto-A4-1-1449x2048.jpg 1449w, https:\/\/fadeweb.uncoma.edu.ar\/wp-content\/uploads\/2023\/05\/vias-de-contacto-A4-1-scaled.jpg 1811w\" sizes=\"(max-width: 724px) 100vw, 724px\" \/><\/p><p><strong>Secretar\u00eda de Bienestar Estudiantil<\/strong> <br \/>WhatsApp: 2984 226274 <a href=\"mailto:bienestarestudiantil@fade.uncoma.edu.ar\">bienestarestudiantil@fade.uncoma.edu.ar<\/a><\/p><p>Atenci\u00f3n personal en la casita 2, de 8 a 14hs de lunes a viernes.<\/p><p><strong>Asesor\u00eda en salud sexual integral:<\/strong> <br \/>Las v\u00edas de contacto, para la atenci\u00f3n personalizada, son: WhatsApp 2984 327928<br \/>correo <a href=\"mailto:estacionsaludable@fadecs.uncoma.edu.ar\">estacionsaludable@fadecs.uncoma.edu.ar<\/a><\/p><p><strong>Comedor universitario:<\/strong> <br \/>WhatsApp: 2984 887846 <br \/>Para pagos Alias: comedor.fade.fale<\/p><p><strong>\u00c1rea de accesibilidad:<\/strong> <a href=\"mailto:accesibilidad@fade.uncoma.edu.ar\">accesibilidad@fade.uncoma.edu.ar<\/a><\/p>\t\t\t\t\t\t\t\t<\/div>\n\t\t\t\t<\/div>\n\t\t\t\t\t<\/div>\n\t\t<\/div>\n\t\t\t\t\t<\/div>\n\t\t<\/section>\n\t\t\t\t<div class=\"elementor-element elementor-element-1a86307 elementor-widget elementor-widget-shortcode\" data-id=\"1a86307\" data-element_type=\"widget\" data-e-type=\"widget\" data-widget_type=\"shortcode.default\">\n\t\t\t\t<div class=\"elementor-widget-container\">\n\t\t\t\t\t\t\t<div class=\"elementor-shortcode\">\t\t<div data-elementor-type=\"section\" data-elementor-id=\"4599\" class=\"elementor elementor-4599\" data-elementor-post-type=\"elementor_library\">\n\t\t\t\t\t<section class=\"elementor-section elementor-top-section elementor-element elementor-element-16cd27e7 elementor-section-boxed elementor-section-height-default elementor-section-height-default\" data-id=\"16cd27e7\" data-element_type=\"section\" data-e-type=\"section\">\n\t\t\t\t\t\t<div class=\"elementor-container elementor-column-gap-default\">\n\t\t\t\t\t<div class=\"elementor-column elementor-col-100 elementor-top-column elementor-element elementor-element-4ed830d5\" data-id=\"4ed830d5\" data-element_type=\"column\" data-e-type=\"column\">\n\t\t\t<div class=\"elementor-widget-wrap elementor-element-populated\">\n\t\t\t\t\t\t<div class=\"elementor-element elementor-element-5ba7611 elementor-widget-divider--view-line elementor-widget elementor-widget-divider\" data-id=\"5ba7611\" data-element_type=\"widget\" data-e-type=\"widget\" data-widget_type=\"divider.default\">\n\t\t\t\t<div class=\"elementor-widget-container\">\n\t\t\t\t\t\t\t<div class=\"elementor-divider\">\n\t\t\t<span class=\"elementor-divider-separator\">\n\t\t\t\t\t\t<\/span>\n\t\t<\/div>\n\t\t\t\t\t\t<\/div>\n\t\t\t\t<\/div>\n\t\t\t\t<div class=\"elementor-element elementor-element-59f475e9 elementor-widget elementor-widget-text-editor\" data-id=\"59f475e9\" data-element_type=\"widget\" data-e-type=\"widget\" data-widget_type=\"text-editor.default\">\n\t\t\t\t<div class=\"elementor-widget-container\">\n\t\t\t\t\t\t\t\t\t<p><strong>Consultas<\/strong><br \/><strong>Horarios de atenci\u00f3n: lunes a viernes de 8 a 14hs.<\/strong><br \/>TE: (0298) 4433668 &#8211; Interno 136 <br \/>Celular: 2984226274 <br \/>Correo electr\u00f3nico:<a href=\"mailto:bienestarestudiantil@fade.uncoma.edu.ar\">bienestarestudiantil@fade.uncoma.edu.ar<\/a><br \/>Mendoza y Per\u00fa.<br \/>(8332) General Roca, R\u00edo Negro <br \/>Argentina<\/p>\t\t\t\t\t\t\t\t<\/div>\n\t\t\t\t<\/div>\n\t\t\t\t\t<\/div>\n\t\t<\/div>\n\t\t\t\t\t<\/div>\n\t\t<\/section>\n\t\t\t\t<\/div>\n\t\t<\/div>\n\t\t\t\t\t\t<\/div>\n\t\t\t\t<\/div>\n\t\t\t\t\t<\/div>\n\t\t<\/div>\n\t\t\t\t\t<\/div>\n\t\t<\/section>\n\t\t\t\t<\/div>\n\t\t","protected":false},"excerpt":{"rendered":"<p>SECRETARIA DE BIENESTAR ESTUDIANTIL BIENESTAR UNIVERSITARIO Secretaria de Bienestar Estudiantil FADECS Lic. Mariela P\u00e9rez La Secretar\u00eda de Bienestar Estudiantil de la Facultad, a trav\u00e9s de Bienestar Universitario, ofrece: 1) \u00c1rea de Beneficios Estudiantiles: a cargo de la Lic. Mariela P\u00e9rez. Consiste en la gesti\u00f3n, seguimiento, evaluaci\u00f3n y renovaci\u00f3n de los beneficios universitarios. Beca de Ayuda [&hellip;]<\/p>\n","protected":false},"author":2,"featured_media":0,"parent":0,"menu_order":0,"comment_status":"closed","ping_status":"closed","template":"","meta":{"footnotes":""},"class_list":["post-3392","page","type-page","status-publish","hentry"],"_links":{"self":[{"href":"https:\/\/fadeweb.uncoma.edu.ar\/index.php\/wp-json\/wp\/v2\/pages\/3392","targetHints":{"allow":["GET"]}}],"collection":[{"href":"https:\/\/fadeweb.uncoma.edu.ar\/index.php\/wp-json\/wp\/v2\/pages"}],"about":[{"href":"https:\/\/fadeweb.uncoma.edu.ar\/index.php\/wp-json\/wp\/v2\/types\/page"}],"author":[{"embeddable":true,"href":"https:\/\/fadeweb.uncoma.edu.ar\/index.php\/wp-json\/wp\/v2\/users\/2"}],"replies":[{"embeddable":true,"href":"https:\/\/fadeweb.uncoma.edu.ar\/index.php\/wp-json\/wp\/v2\/comments?post=3392"}],"version-history":[{"count":33,"href":"https:\/\/fadeweb.uncoma.edu.ar\/index.php\/wp-json\/wp\/v2\/pages\/3392\/revisions"}],"predecessor-version":[{"id":17388,"href":"https:\/\/fadeweb.uncoma.edu.ar\/index.php\/wp-json\/wp\/v2\/pages\/3392\/revisions\/17388"}],"wp:attachment":[{"href":"https:\/\/fadeweb.uncoma.edu.ar\/index.php\/wp-json\/wp\/v2\/media?parent=3392"}],"curies":[{"name":"wp","href":"https:\/\/api.w.org\/{rel}","templated":true}]}}