{"id":3368,"date":"2022-09-15T12:25:11","date_gmt":"2022-09-15T12:25:11","guid":{"rendered":"http:\/\/web.fadecs.uncoma.edu.ar\/?page_id=3368"},"modified":"2025-12-30T09:34:25","modified_gmt":"2025-12-30T12:34:25","slug":"calendario-academico","status":"publish","type":"page","link":"https:\/\/fadeweb.uncoma.edu.ar\/index.php\/estudiantes\/calendario-academico\/","title":{"rendered":"CALENDARIO ACADEMICO"},"content":{"rendered":"\t\t<div data-elementor-type=\"wp-page\" data-elementor-id=\"3368\" class=\"elementor elementor-3368\" data-elementor-post-type=\"page\">\n\t\t\t\t\t\t<section class=\"elementor-section elementor-top-section elementor-element elementor-element-084162f elementor-section-boxed elementor-section-height-default elementor-section-height-default\" data-id=\"084162f\" data-element_type=\"section\" data-e-type=\"section\">\n\t\t\t\t\t\t<div class=\"elementor-container elementor-column-gap-default\">\n\t\t\t\t\t<div class=\"elementor-column elementor-col-100 elementor-top-column elementor-element elementor-element-bedabb7\" data-id=\"bedabb7\" data-element_type=\"column\" data-e-type=\"column\">\n\t\t\t<div class=\"elementor-widget-wrap elementor-element-populated\">\n\t\t\t\t\t\t<div class=\"elementor-element elementor-element-6548816 elementor-align-justify elementor-widget__width-initial elementor-widget elementor-widget-button\" data-id=\"6548816\" data-element_type=\"widget\" data-e-type=\"widget\" data-widget_type=\"button.default\">\n\t\t\t\t<div class=\"elementor-widget-container\">\n\t\t\t\t\t\t\t\t\t<div class=\"elementor-button-wrapper\">\n\t\t\t\t\t<a class=\"elementor-button elementor-button-link elementor-size-sm\" href=\"https:\/\/fadeweb.uncoma.edu.ar\/index.php\/estudiantes\/horarios-de-cursadas\/\">\n\t\t\t\t\t\t<span class=\"elementor-button-content-wrapper\">\n\t\t\t\t\t\t\t\t\t<span class=\"elementor-button-text\">HORARIOS CURSADAS<\/span>\n\t\t\t\t\t<\/span>\n\t\t\t\t\t<\/a>\n\t\t\t\t<\/div>\n\t\t\t\t\t\t\t\t<\/div>\n\t\t\t\t<\/div>\n\t\t\t\t<div class=\"elementor-element elementor-element-27e9372 elementor-align-justify elementor-widget__width-initial elementor-widget elementor-widget-button\" data-id=\"27e9372\" data-element_type=\"widget\" data-e-type=\"widget\" data-widget_type=\"button.default\">\n\t\t\t\t<div class=\"elementor-widget-container\">\n\t\t\t\t\t\t\t\t\t<div class=\"elementor-button-wrapper\">\n\t\t\t\t\t<a class=\"elementor-button elementor-button-link elementor-size-sm\" href=\"https:\/\/fadeweb.uncoma.edu.ar\/index.php\/estudiantes\/reglamentacion\/\">\n\t\t\t\t\t\t<span class=\"elementor-button-content-wrapper\">\n\t\t\t\t\t\t\t\t\t<span class=\"elementor-button-text\">REGLAMENTACIONES<\/span>\n\t\t\t\t\t<\/span>\n\t\t\t\t\t<\/a>\n\t\t\t\t<\/div>\n\t\t\t\t\t\t\t\t<\/div>\n\t\t\t\t<\/div>\n\t\t\t\t<div class=\"elementor-element elementor-element-8e824a1 elementor-widget elementor-widget-heading\" data-id=\"8e824a1\" data-element_type=\"widget\" data-e-type=\"widget\" data-widget_type=\"heading.default\">\n\t\t\t\t<div class=\"elementor-widget-container\">\n\t\t\t\t\t<h2 class=\"elementor-heading-title elementor-size-default\">CALENDARIO ACAD\u00c9MICO 2026<\/h2>\t\t\t\t<\/div>\n\t\t\t\t<\/div>\n\t\t\t\t<div class=\"elementor-element elementor-element-dc9d060 elementor-align-justify elementor-widget elementor-widget-button\" data-id=\"dc9d060\" data-element_type=\"widget\" data-e-type=\"widget\" data-widget_type=\"button.default\">\n\t\t\t\t<div class=\"elementor-widget-container\">\n\t\t\t\t\t\t\t\t\t<div class=\"elementor-button-wrapper\">\n\t\t\t\t\t<a class=\"elementor-button elementor-button-link elementor-size-sm\" href=\"#sec-turnos\">\n\t\t\t\t\t\t<span class=\"elementor-button-content-wrapper\">\n\t\t\t\t\t\t\t\t\t<span class=\"elementor-button-text\">TURNOS DE EXAMENES<\/span>\n\t\t\t\t\t<\/span>\n\t\t\t\t\t<\/a>\n\t\t\t\t<\/div>\n\t\t\t\t\t\t\t\t<\/div>\n\t\t\t\t<\/div>\n\t\t\t\t<div class=\"elementor-element elementor-element-a108141 elementor-align-justify elementor-widget elementor-widget-button\" data-id=\"a108141\" data-element_type=\"widget\" data-e-type=\"widget\" data-widget_type=\"button.default\">\n\t\t\t\t<div class=\"elementor-widget-container\">\n\t\t\t\t\t\t\t\t\t<div class=\"elementor-button-wrapper\">\n\t\t\t\t\t<a class=\"elementor-button elementor-button-link elementor-size-md\" href=\"https:\/\/fadeweb.uncoma.edu.ar\/wp-content\/uploads\/2025\/12\/RES-682-APROBACION-CALENDARIO-ACADEMICO.pdf\" http=\"\">\n\t\t\t\t\t\t<span class=\"elementor-button-content-wrapper\">\n\t\t\t\t\t\t\t\t\t<span class=\"elementor-button-text\">Resoluci\u00f3n N\u00b00682\/2025<\/span>\n\t\t\t\t\t<\/span>\n\t\t\t\t\t<\/a>\n\t\t\t\t<\/div>\n\t\t\t\t\t\t\t\t<\/div>\n\t\t\t\t<\/div>\n\t\t\t\t<div class=\"elementor-element elementor-element-2f5c311 elementor-widget elementor-widget-text-editor\" data-id=\"2f5c311\" data-element_type=\"widget\" data-e-type=\"widget\" data-widget_type=\"text-editor.default\">\n\t\t\t\t<div class=\"elementor-widget-container\">\n\t\t\t\t\t\t\t\t\t<h3 class=\"subt1\">\u00a1USUARIOS DE SIU GUARAN\u00cd!<\/h3><p class=\"texto\">Se informa que todos los d\u00edas en el horario de 13 a 14, el sistema <a href=\"http:\/\/siufade.uncoma.edu.ar\/\">SIU Guaran\u00ed<\/a> se encuentra fuera de l\u00ednea, por realizar en ese horario la copia de resguardo de informaci\u00f3n.<\/p><h4 class=\"titulo3\">No se realizar\u00e1n actividades acad\u00e9micas en las fechas estipuladas como feriados y asuetos nacionales.<\/h4><p class=\"texto\">Adem\u00e1s de los Feriados Inamovibles, Feriados Trasladables y Feriados Puente Tur\u00edsticos, no se realizar\u00e1n Actividades Acad\u00e9micas los siguientes d\u00edas:<\/p><ul><li class=\"texto\">Del 5 al 31 de enero (Receso)<\/li><li>15 de mayo (D\u00eda del\/la Docente Universitario\/a)<\/li><li>20 de junio (Wi\u00f1oy Xipantu)<\/li><li class=\"texto\">Semana del Estudiante: del 21 al 26 de septiembre inclusive<\/li><\/ul><p>\u00a0<\/p><p class=\"texto\">La Universidad Nacional del Comahue invita a toda la comunidad a compartir las actividades conmemorativas que se desarrollar\u00e1n en memoria de:<\/p><ul><li class=\"texto\">Susana Mujica, Arlene Seguel, Cecilia Vechi y Mirta Tronelli, integrantes de la carrera de Trabajo Social de la UNCo, detenidas entre el 9 al 12 de junio de 1976 y desaparecidas desde entonces.<\/li><li class=\"texto\">Sergio \u00c1valos, estudiante de la Facultad de Econom\u00eda y Administraci\u00f3n, desaparecido el d\u00eda 14 de junio de 2003.<\/li><li class=\"texto\">Femicidio de Mar\u00eda Agustina Fern\u00e1ndez, estudiante de la Facultad de Ciencias M\u00e9dicas, ocurrido el 05 de julio de 2022.<\/li><li class=\"texto\">Jornadas recordatorias del Accidente de Cerro Ventana, acaecido el d\u00eda 1 de septiembre de 2002.<\/li><li class=\"texto\">Primer Triple Crimen de Cipolletti, Mar\u00eda Emilia Gonz\u00e1lez, Paula Micaela Gonz\u00e1lez y Mar\u00eda Ver\u00f3nica Villar, acontecido el d\u00eda 9 de noviembre de 1997.<\/li><\/ul><h3>\u00a0<\/h3><p>Inicio Primer Cuatrimestre 2026 9\/3\/2026<\/p><table width=\"100%\" cellspacing=\"0\" cellpadding=\"5\" align=\"center\"><tbody><tr><td align=\"left\" valign=\"middle\" bgcolor=\"#006699\" width=\"50%\" height=\"22\">ACTIVIDADES ACAD\u00c9MICAS 2026<\/td><td align=\"left\" valign=\"middle\" bgcolor=\"#666666\" width=\"50%\" height=\"22\">FECHAS<\/td><\/tr><tr><td class=\"tabla0\" valign=\"top\" bgcolor=\"#99CCCC\" width=\"50%\">Segundo Per\u00edodo Inscripci\u00f3n 2026<\/td><td class=\"tabla0\" valign=\"top\" width=\"50%\">2\/2 al 27\/2\/2026<\/td><\/tr><tr><td class=\"tabla0\" valign=\"top\" bgcolor=\"#99CCCC\" width=\"50%\">Jornadas de Introducci\u00f3n a la Vida Universitaria y Nivelaci\u00f3n Acad\u00e9mica<\/td><td class=\"tabla0\" valign=\"top\" width=\"50%\">25\/2 al 06\/3\/2026<\/td><\/tr><tr><td class=\"tabla0\" valign=\"top\" bgcolor=\"#99CCCC\" width=\"50%\">Reinscripci\u00f3n a Carreras<\/td><td class=\"tabla0\" valign=\"top\" width=\"50%\">2026 2\/2 al 30\/10\/2026<\/td><\/tr><tr><td class=\"tabla0\" valign=\"top\" bgcolor=\"#99CCCC\" width=\"50%\">Inscripciones para cursar asignaturas del Primer Cuatrimestre<\/td><td class=\"tabla0\" valign=\"top\" width=\"50%\">25\/2 al 13\/3\/2026<\/td><\/tr><tr><td class=\"tabla0\" valign=\"top\" bgcolor=\"#99CCCC\" width=\"50%\">Inicio Primer Cuatrimestre 2026<\/td><td class=\"tabla0\" valign=\"top\" width=\"50%\">9\/3\/2026<\/td><\/tr><tr><td class=\"tabla0\" valign=\"top\" bgcolor=\"#99CCCC\" width=\"50%\">Fin Primer Cuatrimestre 2026<\/td><td class=\"tabla0\" valign=\"top\" width=\"50%\">26\/6\/2026<\/td><\/tr><tr><td class=\"tabla0\" valign=\"top\" bgcolor=\"#99CCCC\" width=\"50%\">Env\u00edo de Actas de cursadas<\/td><td class=\"tabla0\" valign=\"top\" width=\"50%\">3\/7\/2026<\/td><\/tr><tr><td class=\"tabla0\" valign=\"top\" bgcolor=\"#99CCCC\" width=\"50%\">Receso invernal 2026<\/td><td class=\"tabla0\" valign=\"top\" width=\"50%\">13\/7 al 25\/7\/2026<\/td><\/tr><tr><td class=\"tabla0\" valign=\"top\" bgcolor=\"#99CCCC\" width=\"50%\">Tercer per\u00edodo Inscripci\u00f3n 2026<\/td><td class=\"tabla0\" valign=\"top\" width=\"50%\">27\/7 al 07\/8\/2026<\/td><\/tr><tr><td class=\"tabla0\" valign=\"top\" bgcolor=\"#99CCCC\" width=\"50%\">Inscripciones para cursar asignaturas del Segundo Cuatrimestre<\/td><td class=\"tabla0\" valign=\"top\" width=\"50%\">28\/7 al 7\/8\/2026<\/td><\/tr><tr><td class=\"tabla0\" valign=\"top\" bgcolor=\"#99CCCC\" width=\"50%\">Inicio Segundo Cuatrimestre 2026<\/td><td class=\"tabla0\" valign=\"top\" width=\"50%\">3\/8\/2026<\/td><\/tr><tr><td class=\"tabla0\" valign=\"top\" bgcolor=\"#99CCCC\" width=\"50%\">Fin Segundo Cuatrimestre 2026<\/td><td class=\"tabla0\" valign=\"top\" width=\"50%\">27\/11\/2026<\/td><\/tr><tr><td class=\"tabla0\" valign=\"top\" bgcolor=\"#99CCCC\" width=\"50%\">Env\u00edo de Actas de cursadas con notas hasta el<\/td><td class=\"tabla0\" valign=\"top\" width=\"50%\">4\/12\/2026<\/td><\/tr><tr><td class=\"tabla0\" valign=\"top\" bgcolor=\"#99CCCC\" width=\"50%\">Primer per\u00edodo Inscripci\u00f3n 2027<\/td><td class=\"tabla0\" valign=\"top\" width=\"50%\">2\/11\/2026 al 18\/12\/2026<\/td><\/tr><\/tbody><\/table>\t\t\t\t\t\t\t\t<\/div>\n\t\t\t\t<\/div>\n\t\t\t\t<div class=\"elementor-element elementor-element-a1bbf86 elementor-widget elementor-widget-text-editor\" data-id=\"a1bbf86\" data-element_type=\"widget\" data-e-type=\"widget\" id=\"sec-turnos\" data-widget_type=\"text-editor.default\">\n\t\t\t\t<div class=\"elementor-widget-container\">\n\t\t\t\t\t\t\t\t\t<h3>\u00a0<\/h3><h3>TURNOS DE EX\u00c1MENES A\u00d1O 2025<\/h3><table border=\"0\" width=\"100%\" cellspacing=\"0\" cellpadding=\"0\"><tbody><tr><td class=\"texto\" valign=\"middle\" width=\"15%\" height=\"30\"><p class=\"texto\"><strong>TURNO<\/strong><\/p><\/td><td class=\"texto\" valign=\"middle\" height=\"30\">FECHAS<\/td><\/tr><tr><td class=\"tabla0\" align=\"LEFT\" valign=\"middle\" bgcolor=\"#99CCCC\" width=\"15%\" height=\"25\">FEBRERO<\/td><td class=\"tabla0\" valign=\"middle\" width=\"288\">25\/2 al 6\/3\/2026<\/td><\/tr><tr><td class=\"tabla0\" align=\"LEFT\" valign=\"middle\" bgcolor=\"#99CCCC\" width=\"15%\" height=\"25\">MARZO<\/td><td class=\"tabla0\" valign=\"middle\" width=\"288\">17\/3 al 27\/3\/2026<\/td><\/tr><tr><td class=\"tabla0\" align=\"LEFT\" valign=\"middle\" bgcolor=\"#99CCCC\" width=\"15%\" height=\"25\">ABRIL<\/td><td class=\"tabla0\" valign=\"middle\" width=\"288\">13\/4 al 24\/4\/2026<\/td><\/tr><tr><td class=\"tabla0\" align=\"LEFT\" valign=\"middle\" bgcolor=\"#99CCCC\" width=\"15%\" height=\"25\">MAYO<\/td><td class=\"tabla0\" valign=\"middle\" width=\"288\">11\/5 al 22\/5\/2026<\/td><\/tr><tr><td class=\"tabla0\" align=\"LEFT\" valign=\"middle\" bgcolor=\"#99CCCC\" width=\"15%\" height=\"25\">JUNIO<\/td><td class=\"tabla0\" valign=\"middle\" width=\"288\">8\/6 al 19\/6\/2026<\/td><\/tr><tr><td class=\"tabla0\" align=\"LEFT\" valign=\"middle\" bgcolor=\"#99CCCC\" width=\"15%\" height=\"25\">JULIO<\/td><td class=\"tabla0\" valign=\"middle\" width=\"288\">28\/7 al 6\/8\/2026<\/td><\/tr><tr><td class=\"tabla0\" align=\"LEFT\" valign=\"middle\" bgcolor=\"#99CCCC\" width=\"15%\" height=\"25\">AGOSTO<\/td><td class=\"tabla0\" valign=\"middle\" width=\"288\">17\/8 al 26\/8\/2026<\/td><\/tr><tr><td class=\"tabla0\" align=\"LEFT\" valign=\"middle\" bgcolor=\"#99CCCC\" width=\"15%\" height=\"25\">SEPTIEMBRE<\/td><td class=\"tabla0\" valign=\"middle\" width=\"288\">9\/9 al 18\/9\/2026<\/td><\/tr><tr><td class=\"tabla0\" align=\"LEFT\" valign=\"middle\" bgcolor=\"#99CCCC\" width=\"15%\" height=\"25\">OCTUBRE<\/td><td class=\"tabla0\" valign=\"middle\" width=\"288\">12\/10 al 23\/10\/2026<\/td><\/tr><tr><td class=\"tabla0\" align=\"LEFT\" valign=\"middle\" bgcolor=\"#99CCCC\" width=\"15%\" height=\"25\">NOVIEMBRE<\/td><td class=\"tabla0\" valign=\"middle\" width=\"288\">9\/11 al 20\/11\/2026<\/td><\/tr><tr><td class=\"tabla0\" align=\"LEFT\" valign=\"middle\" bgcolor=\"#99CCCC\" width=\"15%\" height=\"25\">DICIEMBRE<\/td><td class=\"tabla0\" valign=\"middle\" width=\"288\">9\/12 al 18\/12\/2026<\/td><\/tr><\/tbody><\/table>\t\t\t\t\t\t\t\t<\/div>\n\t\t\t\t<\/div>\n\t\t\t\t<div class=\"elementor-element elementor-element-3665493 elementor-widget elementor-widget-shortcode\" data-id=\"3665493\" data-element_type=\"widget\" data-e-type=\"widget\" data-widget_type=\"shortcode.default\">\n\t\t\t\t<div class=\"elementor-widget-container\">\n\t\t\t\t\t\t\t<div class=\"elementor-shortcode\">\t\t<div data-elementor-type=\"section\" data-elementor-id=\"4583\" class=\"elementor elementor-4583\" data-elementor-post-type=\"elementor_library\">\r\n\t\t\t\t\t<section class=\"elementor-section elementor-top-section elementor-element elementor-element-14232f66 elementor-section-boxed elementor-section-height-default elementor-section-height-default\" data-id=\"14232f66\" data-element_type=\"section\" data-e-type=\"section\">\n\t\t\t\t\t\t<div class=\"elementor-container elementor-column-gap-default\">\n\t\t\t\t\t<div class=\"elementor-column elementor-col-100 elementor-top-column elementor-element elementor-element-613d052d\" data-id=\"613d052d\" data-element_type=\"column\" data-e-type=\"column\">\n\t\t\t<div class=\"elementor-widget-wrap elementor-element-populated\">\n\t\t\t\t\t\t<div class=\"elementor-element elementor-element-6b448111 elementor-widget-divider--view-line elementor-widget elementor-widget-divider\" data-id=\"6b448111\" data-element_type=\"widget\" data-e-type=\"widget\" data-widget_type=\"divider.default\">\n\t\t\t\t<div class=\"elementor-widget-container\">\n\t\t\t\t\t\t\t<div class=\"elementor-divider\">\n\t\t\t<span class=\"elementor-divider-separator\">\n\t\t\t\t\t\t<\/span>\n\t\t<\/div>\n\t\t\t\t\t\t<\/div>\n\t\t\t\t<\/div>\n\t\t\t\t<div class=\"elementor-element elementor-element-4d542db7 elementor-widget elementor-widget-text-editor\" data-id=\"4d542db7\" data-element_type=\"widget\" data-e-type=\"widget\" data-widget_type=\"text-editor.default\">\n\t\t\t\t<div class=\"elementor-widget-container\">\n\t\t\t\t\t\t\t\t\t<p><strong>INFORMACI\u00d3N<\/strong><br \/>Departamento de Alumnos<br \/>TE: (0298) 4435700<br \/>Correo electr\u00f3nico:\u00a0<a href=\"mailto:alumnos@fade.uncoma.edu.ar\">alumnos@fade.uncoma.edu.ar<\/a><br \/>Mendoza y Per\u00fa.<br \/>(8332) General Roca, R\u00edo Negro<br \/>Argentina<\/p>\t\t\t\t\t\t\t\t<\/div>\n\t\t\t\t<\/div>\n\t\t\t\t\t<\/div>\n\t\t<\/div>\n\t\t\t\t\t<\/div>\n\t\t<\/section>\n\t\t\t\t<\/div>\r\n\t\t<\/div>\n\t\t\t\t\t\t<\/div>\n\t\t\t\t<\/div>\n\t\t\t\t\t<\/div>\n\t\t<\/div>\n\t\t\t\t\t<\/div>\n\t\t<\/section>\n\t\t\t\t<\/div>\n\t\t","protected":false},"excerpt":{"rendered":"<p>HORARIOS CURSADAS REGLAMENTACIONES CALENDARIO ACAD\u00c9MICO 2026 TURNOS DE EXAMENES Resoluci\u00f3n N\u00b00682\/2025 \u00a1USUARIOS DE SIU GUARAN\u00cd! Se informa que todos los d\u00edas en el horario de 13 a 14, el sistema SIU Guaran\u00ed se encuentra fuera de l\u00ednea, por realizar en ese horario la copia de resguardo de informaci\u00f3n. No se realizar\u00e1n actividades acad\u00e9micas en las [&hellip;]<\/p>\n","protected":false},"author":2,"featured_media":0,"parent":3362,"menu_order":0,"comment_status":"closed","ping_status":"closed","template":"","meta":{"footnotes":""},"class_list":["post-3368","page","type-page","status-publish","hentry"],"_links":{"self":[{"href":"https:\/\/fadeweb.uncoma.edu.ar\/index.php\/wp-json\/wp\/v2\/pages\/3368","targetHints":{"allow":["GET"]}}],"collection":[{"href":"https:\/\/fadeweb.uncoma.edu.ar\/index.php\/wp-json\/wp\/v2\/pages"}],"about":[{"href":"https:\/\/fadeweb.uncoma.edu.ar\/index.php\/wp-json\/wp\/v2\/types\/page"}],"author":[{"embeddable":true,"href":"https:\/\/fadeweb.uncoma.edu.ar\/index.php\/wp-json\/wp\/v2\/users\/2"}],"replies":[{"embeddable":true,"href":"https:\/\/fadeweb.uncoma.edu.ar\/index.php\/wp-json\/wp\/v2\/comments?post=3368"}],"version-history":[{"count":150,"href":"https:\/\/fadeweb.uncoma.edu.ar\/index.php\/wp-json\/wp\/v2\/pages\/3368\/revisions"}],"predecessor-version":[{"id":27395,"href":"https:\/\/fadeweb.uncoma.edu.ar\/index.php\/wp-json\/wp\/v2\/pages\/3368\/revisions\/27395"}],"up":[{"embeddable":true,"href":"https:\/\/fadeweb.uncoma.edu.ar\/index.php\/wp-json\/wp\/v2\/pages\/3362"}],"wp:attachment":[{"href":"https:\/\/fadeweb.uncoma.edu.ar\/index.php\/wp-json\/wp\/v2\/media?parent=3368"}],"curies":[{"name":"wp","href":"https:\/\/api.w.org\/{rel}","templated":true}]}}