{"id":3355,"date":"2022-09-15T12:11:13","date_gmt":"2022-09-15T12:11:13","guid":{"rendered":"http:\/\/web.fadecs.uncoma.edu.ar\/?page_id=3355"},"modified":"2022-10-05T18:45:07","modified_gmt":"2022-10-05T21:45:07","slug":"licenciatura-en-sociologia","status":"publish","type":"page","link":"https:\/\/fadeweb.uncoma.edu.ar\/index.php\/carreras\/licenciatura-en-sociologia\/","title":{"rendered":"LICENCIATURA EN SOCIOLOGIA"},"content":{"rendered":"\t\t<div data-elementor-type=\"wp-page\" data-elementor-id=\"3355\" class=\"elementor elementor-3355\" data-elementor-post-type=\"page\">\n\t\t\t\t\t\t<section class=\"elementor-section elementor-top-section elementor-element elementor-element-559eb8a elementor-section-boxed elementor-section-height-default elementor-section-height-default\" data-id=\"559eb8a\" data-element_type=\"section\" data-e-type=\"section\">\n\t\t\t\t\t\t<div class=\"elementor-container elementor-column-gap-default\">\n\t\t\t\t\t<div class=\"elementor-column elementor-col-66 elementor-top-column elementor-element elementor-element-03c3c93\" data-id=\"03c3c93\" data-element_type=\"column\" data-e-type=\"column\">\n\t\t\t<div class=\"elementor-widget-wrap elementor-element-populated\">\n\t\t\t\t\t\t<div class=\"elementor-element elementor-element-43264cf elementor-widget elementor-widget-heading\" data-id=\"43264cf\" data-element_type=\"widget\" data-e-type=\"widget\" data-widget_type=\"heading.default\">\n\t\t\t\t<div class=\"elementor-widget-container\">\n\t\t\t\t\t<h2 class=\"elementor-heading-title elementor-size-default\">LICENCIATURA EN SOCIOLOGIA<\/h2>\t\t\t\t<\/div>\n\t\t\t\t<\/div>\n\t\t\t\t<div class=\"elementor-element elementor-element-0b8bfd8 elementor-widget elementor-widget-text-editor\" data-id=\"0b8bfd8\" data-element_type=\"widget\" data-e-type=\"widget\" data-widget_type=\"text-editor.default\">\n\t\t\t\t<div class=\"elementor-widget-container\">\n\t\t\t\t\t\t\t\t\t<h2 align=\"left\"><span class=\"titulo3\">T\u00edtulo a otorgar<\/span><\/h2><div align=\"left\"><span class=\"titulo2\">Licenciado en Sociolog\u00eda <\/span><\/div><p class=\"texto\"><a href=\"https:\/\/www.google.com.ar\/maps\/place\/Facultad+de+Derecho+y+Ciencias+Sociales+-+UNCo\/@-39.0232891,-67.5639387,898m\/data=!3m2!1e3!4b1!4m5!3m4!1s0x960a02d7291848a3:0x10a7ac07855a0879!8m2!3d-39.0232933!4d-67.56175\">Se cursa en General Roca<\/a><\/p><h3 class=\"texto\"><span class=\"subt1\">Duraci\u00f3n de la carrera<\/span><\/h3><p class=\"texto\">5 a\u00f1os<\/p><h3 class=\"subt1\">Objetivos<\/h3><ul><li class=\"texto\">Conocer el estado actual de la producci\u00f3n sociol\u00f3gica y su relaci\u00f3n interdisciplinaria con otras producciones cient\u00edficas pertinentes.<\/li><li class=\"texto\">Orientar los procesos cr\u00edticos productores de los saberes en compromiso con pr\u00e1cticas democr\u00e1ticas para la construcci\u00f3n de formas plurales de vida, efectivamente libres, igualitarias y solidarias.<\/li><li class=\"texto\">Estudiar la realidad social en sus diferentes dimensiones y niveles de complejidad relacional con alto rigor cient\u00edfico.<\/li><li class=\"texto\">Conocer y comparar las diversas producciones te\u00f3ricas y las investigaciones emp\u00edricas en torno a los problemas sociales de mayor urgencia de soluciones.<\/li><li class=\"texto\">Elaborar, conducir y realizar proyectos de investigaci\u00f3n te\u00f3ricos y emp\u00edricos. Orientar y acompa\u00f1ar programas de acci\u00f3n de diferentes niveles, comprometidos democr\u00e1ticamente en la b\u00fasqueda de alternativas a los problemas, en especial, a los que golpean a las mayor\u00edas sociales.<\/li><li class=\"texto\">Realizar diagn\u00f3sticos sobre aspectos de la complejidad social, propuestas pr\u00e1cticas responsables, acreditadas en saberes producidos con el mayor rigor cient\u00edfico, y evaluaci\u00f3n de las posibles consecuencias f\u00e1cticas.<\/li><\/ul><h3 class=\"texto\"><span class=\"subt1\">Qu\u00e9 se estudia<\/span><\/h3><p class=\"texto\">El campo de lo social es complejo, y el licenciado trabaja con el hombre concreto, por lo tanto se estudian disciplinas que ayudan a comprender los fen\u00f3menos sociales y que proveen los instrumentos para actuar sobre la realidad (por ejemplo: historia, sociolog\u00eda, antropolog\u00eda, psicolog\u00eda, etc.)<\/p><p class=\"texto\">La carrera dura cinco a\u00f1os y a partir del segundo se realizan pr\u00e1cticas anuales de ejercitaci\u00f3n del rol profesional. Esta metodolog\u00eda es el eje vertebrador de la carrera y tiene que ver con la instrumentaci\u00f3n del profesional en el abordaje de la realidad a partir del trabajo grupal, familiar, comunitario e institucional.<\/p><h3 class=\"texto\"><span class=\"subt1\">Campo laboral<\/span><\/h3><p class=\"texto\">Acorde con el t\u00edtulo a otorgarse y en funci\u00f3n del objetivo de la formaci\u00f3n, consideramos incumbencias profesionales a las siguientes actividades:<\/p><ul><li class=\"texto\">Producir te\u00f3rica y metodol\u00f3gicamente descripciones, explicaciones y evaluaciones en direcci\u00f3n a la orientaci\u00f3n de pr\u00e1cticas sociales resolutorias de problemas y transformadoras.<\/li><li class=\"texto\">Producir, dirigir, coordinar, supervisar, evaluar y asesorar investigaciones socio f\u00e1cticas.<\/li><li class=\"texto\">Elaborar diagn\u00f3sticos, pron\u00f3sticos y propuestas de pr\u00e1cticas, poniendo especial \u00e9nfasis en las plausibles consecuencias de las mismas.<\/li><li class=\"texto\">Realizar interdisciplinariamente estudios de factibilidad de planes, programas y proyectos cuya implementaci\u00f3n act\u00fae sobre relaciones y estructuras sociales, grupos e instituciones considerando el efecto social de los mismos.<\/li><li class=\"texto\">Asesorar desde la perspectiva sociol\u00f3gica en la formulaci\u00f3n de pol\u00edticas de car\u00e1cter global y sectorial, en especial a partir de las orientaciones y especializaciones por los graduados.<\/li><li class=\"texto\">Realizar actividades de investigaci\u00f3n y extensi\u00f3n en todos los niveles del sistema educativo, en el \u00e1rea de su competencia.<\/li><\/ul>\t\t\t\t\t\t\t\t<\/div>\n\t\t\t\t<\/div>\n\t\t\t\t<div class=\"elementor-element elementor-element-e04506b elementor-widget elementor-widget-shortcode\" data-id=\"e04506b\" data-element_type=\"widget\" data-e-type=\"widget\" data-widget_type=\"shortcode.default\">\n\t\t\t\t<div class=\"elementor-widget-container\">\n\t\t\t\t\t\t\t<div class=\"elementor-shortcode\">\t\t<div data-elementor-type=\"section\" data-elementor-id=\"4583\" class=\"elementor elementor-4583\" data-elementor-post-type=\"elementor_library\">\r\n\t\t\t\t\t<section class=\"elementor-section elementor-top-section elementor-element elementor-element-14232f66 elementor-section-boxed elementor-section-height-default elementor-section-height-default\" data-id=\"14232f66\" data-element_type=\"section\" data-e-type=\"section\">\n\t\t\t\t\t\t<div class=\"elementor-container elementor-column-gap-default\">\n\t\t\t\t\t<div class=\"elementor-column elementor-col-100 elementor-top-column elementor-element elementor-element-613d052d\" data-id=\"613d052d\" data-element_type=\"column\" data-e-type=\"column\">\n\t\t\t<div class=\"elementor-widget-wrap elementor-element-populated\">\n\t\t\t\t\t\t<div class=\"elementor-element elementor-element-6b448111 elementor-widget-divider--view-line elementor-widget elementor-widget-divider\" data-id=\"6b448111\" data-element_type=\"widget\" data-e-type=\"widget\" data-widget_type=\"divider.default\">\n\t\t\t\t<div class=\"elementor-widget-container\">\n\t\t\t\t\t\t\t<div class=\"elementor-divider\">\n\t\t\t<span class=\"elementor-divider-separator\">\n\t\t\t\t\t\t<\/span>\n\t\t<\/div>\n\t\t\t\t\t\t<\/div>\n\t\t\t\t<\/div>\n\t\t\t\t<div class=\"elementor-element elementor-element-4d542db7 elementor-widget elementor-widget-text-editor\" data-id=\"4d542db7\" data-element_type=\"widget\" data-e-type=\"widget\" data-widget_type=\"text-editor.default\">\n\t\t\t\t<div class=\"elementor-widget-container\">\n\t\t\t\t\t\t\t\t\t<p><strong>INFORMACI\u00d3N<\/strong><br \/>Departamento de Alumnos<br \/>TE: (0298) 4435700<br \/>Correo electr\u00f3nico:\u00a0<a href=\"mailto:alumnos@fade.uncoma.edu.ar\">alumnos@fade.uncoma.edu.ar<\/a><br \/>Mendoza y Per\u00fa.<br \/>(8332) General Roca, R\u00edo Negro<br \/>Argentina<\/p>\t\t\t\t\t\t\t\t<\/div>\n\t\t\t\t<\/div>\n\t\t\t\t\t<\/div>\n\t\t<\/div>\n\t\t\t\t\t<\/div>\n\t\t<\/section>\n\t\t\t\t<\/div>\r\n\t\t<\/div>\n\t\t\t\t\t\t<\/div>\n\t\t\t\t<\/div>\n\t\t\t\t\t<\/div>\n\t\t<\/div>\n\t\t\t\t<div class=\"elementor-column elementor-col-33 elementor-top-column elementor-element elementor-element-f9526e3\" data-id=\"f9526e3\" data-element_type=\"column\" data-e-type=\"column\">\n\t\t\t<div class=\"elementor-widget-wrap elementor-element-populated\">\n\t\t\t\t\t\t<div class=\"elementor-element elementor-element-33e2ab2 elementor-nav-menu__align-start elementor-nav-menu--dropdown-none elementor-widget elementor-widget-nav-menu\" data-id=\"33e2ab2\" data-element_type=\"widget\" data-e-type=\"widget\" id=\"menu-lateral\" data-settings=\"{&quot;layout&quot;:&quot;vertical&quot;,&quot;submenu_icon&quot;:{&quot;value&quot;:&quot;&lt;i class=\\&quot;fas fa-caret-down\\&quot; aria-hidden=\\&quot;true\\&quot;&gt;&lt;\\\/i&gt;&quot;,&quot;library&quot;:&quot;fa-solid&quot;}}\" data-widget_type=\"nav-menu.default\">\n\t\t\t\t<div class=\"elementor-widget-container\">\n\t\t\t\t\t\t\t\t<nav aria-label=\"Menu\" class=\"elementor-nav-menu--main elementor-nav-menu__container elementor-nav-menu--layout-vertical e--pointer-background e--animation-fade\">\r\n\t\t\t\t<ul id=\"menu-1-33e2ab2\" class=\"elementor-nav-menu sm-vertical\"><li class=\"menu-item menu-item-type-post_type menu-item-object-page menu-item-5444\"><a href=\"https:\/\/fadeweb.uncoma.edu.ar\/index.php\/carreras\/licenciatura-en-sociologia\/plan-0392-2015-licenciatura-en-sociologia\/\" class=\"elementor-item\">PLAN DE ESTUDIOS Y CORRELATIVIDADES<\/a><\/li>\n<li class=\"menu-item menu-item-type-post_type menu-item-object-page menu-item-5443\"><a href=\"https:\/\/fadeweb.uncoma.edu.ar\/index.php\/carreras\/licenciatura-en-sociologia\/plan-0150-98-licenciatura-en-sociologia\/\" class=\"elementor-item\">PLAN  VIEJO (0150\/98)<\/a><\/li>\n<li class=\"menu-item menu-item-type-post_type menu-item-object-page menu-item-5445\"><a href=\"https:\/\/fadeweb.uncoma.edu.ar\/index.php\/programas\/programa-sociologia\/\" class=\"elementor-item\">PROGRAMAS<\/a><\/li>\n<li class=\"menu-item menu-item-type-post_type menu-item-object-page menu-item-5447\"><a href=\"https:\/\/fadeweb.uncoma.edu.ar\/index.php\/estudiantes\/calendario-academico\/\" class=\"elementor-item\">CALENDARIO ACADEMICO<\/a><\/li>\n<li class=\"menu-item menu-item-type-post_type menu-item-object-page menu-item-5448\"><a href=\"https:\/\/fadeweb.uncoma.edu.ar\/index.php\/estudiantes\/horarios-de-cursadas\/\" class=\"elementor-item\">HORARIOS DE CURSADAS<\/a><\/li>\n<li class=\"menu-item menu-item-type-custom menu-item-object-custom menu-item-5449\"><a href=\"http:\/\/siufade.uncoma.edu.ar\/\" class=\"elementor-item\">SIU FADE: Sistema de Gesti\u00f3n de Alumnos en Internet<\/a><\/li>\n<li class=\"menu-item menu-item-type-custom menu-item-object-custom menu-item-5450\"><a href=\"https:\/\/siufade.uncoma.edu.ar\/derecho\/fecha_examen\" class=\"elementor-item\">FECHAS DE EXAMENES<\/a><\/li>\n<\/ul>\t\t\t<\/nav>\r\n\t\t\t\t\t\t<nav class=\"elementor-nav-menu--dropdown elementor-nav-menu__container\" aria-hidden=\"true\">\r\n\t\t\t\t<ul id=\"menu-2-33e2ab2\" class=\"elementor-nav-menu sm-vertical\"><li class=\"menu-item menu-item-type-post_type menu-item-object-page menu-item-5444\"><a href=\"https:\/\/fadeweb.uncoma.edu.ar\/index.php\/carreras\/licenciatura-en-sociologia\/plan-0392-2015-licenciatura-en-sociologia\/\" class=\"elementor-item\" tabindex=\"-1\">PLAN DE ESTUDIOS Y CORRELATIVIDADES<\/a><\/li>\n<li class=\"menu-item menu-item-type-post_type menu-item-object-page menu-item-5443\"><a href=\"https:\/\/fadeweb.uncoma.edu.ar\/index.php\/carreras\/licenciatura-en-sociologia\/plan-0150-98-licenciatura-en-sociologia\/\" class=\"elementor-item\" tabindex=\"-1\">PLAN  VIEJO (0150\/98)<\/a><\/li>\n<li class=\"menu-item menu-item-type-post_type menu-item-object-page menu-item-5445\"><a href=\"https:\/\/fadeweb.uncoma.edu.ar\/index.php\/programas\/programa-sociologia\/\" class=\"elementor-item\" tabindex=\"-1\">PROGRAMAS<\/a><\/li>\n<li class=\"menu-item menu-item-type-post_type menu-item-object-page menu-item-5447\"><a href=\"https:\/\/fadeweb.uncoma.edu.ar\/index.php\/estudiantes\/calendario-academico\/\" class=\"elementor-item\" tabindex=\"-1\">CALENDARIO ACADEMICO<\/a><\/li>\n<li class=\"menu-item menu-item-type-post_type menu-item-object-page menu-item-5448\"><a href=\"https:\/\/fadeweb.uncoma.edu.ar\/index.php\/estudiantes\/horarios-de-cursadas\/\" class=\"elementor-item\" tabindex=\"-1\">HORARIOS DE CURSADAS<\/a><\/li>\n<li class=\"menu-item menu-item-type-custom menu-item-object-custom menu-item-5449\"><a href=\"http:\/\/siufade.uncoma.edu.ar\/\" class=\"elementor-item\" tabindex=\"-1\">SIU FADE: Sistema de Gesti\u00f3n de Alumnos en Internet<\/a><\/li>\n<li class=\"menu-item menu-item-type-custom menu-item-object-custom menu-item-5450\"><a href=\"https:\/\/siufade.uncoma.edu.ar\/derecho\/fecha_examen\" class=\"elementor-item\" tabindex=\"-1\">FECHAS DE EXAMENES<\/a><\/li>\n<\/ul>\t\t\t<\/nav>\r\n\t\t\t\t\t\t<\/div>\n\t\t\t\t<\/div>\n\t\t\t\t\t<\/div>\n\t\t<\/div>\n\t\t\t\t\t<\/div>\n\t\t<\/section>\n\t\t\t\t<\/div>\n\t\t","protected":false},"excerpt":{"rendered":"<p>LICENCIATURA EN SOCIOLOGIA T\u00edtulo a otorgar Licenciado en Sociolog\u00eda Se cursa en General Roca Duraci\u00f3n de la carrera 5 a\u00f1os Objetivos Conocer el estado actual de la producci\u00f3n sociol\u00f3gica y su relaci\u00f3n interdisciplinaria con otras producciones cient\u00edficas pertinentes. Orientar los procesos cr\u00edticos productores de los saberes en compromiso con pr\u00e1cticas democr\u00e1ticas para la construcci\u00f3n de [&hellip;]<\/p>\n","protected":false},"author":2,"featured_media":0,"parent":3309,"menu_order":0,"comment_status":"closed","ping_status":"closed","template":"","meta":{"footnotes":""},"class_list":["post-3355","page","type-page","status-publish","hentry"],"_links":{"self":[{"href":"https:\/\/fadeweb.uncoma.edu.ar\/index.php\/wp-json\/wp\/v2\/pages\/3355","targetHints":{"allow":["GET"]}}],"collection":[{"href":"https:\/\/fadeweb.uncoma.edu.ar\/index.php\/wp-json\/wp\/v2\/pages"}],"about":[{"href":"https:\/\/fadeweb.uncoma.edu.ar\/index.php\/wp-json\/wp\/v2\/types\/page"}],"author":[{"embeddable":true,"href":"https:\/\/fadeweb.uncoma.edu.ar\/index.php\/wp-json\/wp\/v2\/users\/2"}],"replies":[{"embeddable":true,"href":"https:\/\/fadeweb.uncoma.edu.ar\/index.php\/wp-json\/wp\/v2\/comments?post=3355"}],"version-history":[{"count":6,"href":"https:\/\/fadeweb.uncoma.edu.ar\/index.php\/wp-json\/wp\/v2\/pages\/3355\/revisions"}],"predecessor-version":[{"id":5453,"href":"https:\/\/fadeweb.uncoma.edu.ar\/index.php\/wp-json\/wp\/v2\/pages\/3355\/revisions\/5453"}],"up":[{"embeddable":true,"href":"https:\/\/fadeweb.uncoma.edu.ar\/index.php\/wp-json\/wp\/v2\/pages\/3309"}],"wp:attachment":[{"href":"https:\/\/fadeweb.uncoma.edu.ar\/index.php\/wp-json\/wp\/v2\/media?parent=3355"}],"curies":[{"name":"wp","href":"https:\/\/api.w.org\/{rel}","templated":true}]}}