{"id":3331,"date":"2022-09-15T11:44:04","date_gmt":"2022-09-15T11:44:04","guid":{"rendered":"http:\/\/web.fadecs.uncoma.edu.ar\/?page_id=3331"},"modified":"2022-09-30T12:42:34","modified_gmt":"2022-09-30T15:42:34","slug":"licenciatura-en-comunicacion-social","status":"publish","type":"page","link":"https:\/\/fadeweb.uncoma.edu.ar\/index.php\/carreras\/licenciatura-en-comunicacion-social\/","title":{"rendered":"LICENCIATURA EN COMUNICACION SOCIAL"},"content":{"rendered":"\t\t<div data-elementor-type=\"wp-page\" data-elementor-id=\"3331\" class=\"elementor elementor-3331\" data-elementor-post-type=\"page\">\n\t\t\t\t\t\t<section class=\"elementor-section elementor-top-section elementor-element elementor-element-ed31215 elementor-section-boxed elementor-section-height-default elementor-section-height-default\" data-id=\"ed31215\" data-element_type=\"section\" data-e-type=\"section\">\n\t\t\t\t\t\t<div class=\"elementor-container elementor-column-gap-default\">\n\t\t\t\t\t<div class=\"elementor-column elementor-col-66 elementor-top-column elementor-element elementor-element-5a6643c\" data-id=\"5a6643c\" data-element_type=\"column\" data-e-type=\"column\">\n\t\t\t<div class=\"elementor-widget-wrap elementor-element-populated\">\n\t\t\t\t\t\t<div class=\"elementor-element elementor-element-a6e2d92 elementor-widget elementor-widget-heading\" data-id=\"a6e2d92\" data-element_type=\"widget\" data-e-type=\"widget\" data-widget_type=\"heading.default\">\n\t\t\t\t<div class=\"elementor-widget-container\">\n\t\t\t\t\t<h2 class=\"elementor-heading-title elementor-size-default\">LICENCIATURA EN COMUNICACION SOCIAL <\/h2>\t\t\t\t<\/div>\n\t\t\t\t<\/div>\n\t\t\t\t<div class=\"elementor-element elementor-element-35bc7bc elementor-widget elementor-widget-text-editor\" data-id=\"35bc7bc\" data-element_type=\"widget\" data-e-type=\"widget\" data-widget_type=\"text-editor.default\">\n\t\t\t\t<div class=\"elementor-widget-container\">\n\t\t\t\t\t\t\t\t\t<div id=\"breadcrumbs\"><div id=\"menuhoriz\">\u00a0<\/div><\/div><div id=\"capa80\"><div class=\"texto\" align=\"left\"><p><a href=\"https:\/\/www.google.com.ar\/maps\/place\/Facultad+de+Derecho+y+Ciencias+Sociales+-+UNCo\/@-39.0232891,-67.5639387,898m\/data=!3m2!1e3!4b1!4m5!3m4!1s0x960a02d7291848a3:0x10a7ac07855a0879!8m2!3d-39.0232933!4d-67.56175\">Se cursa en General Roca<\/a><\/p><h4><span class=\"subt1a\"><strong>Duraci\u00f3n de la Carrera:<\/strong><\/span><\/h4><p>4 a\u00f1os<\/p><h4><strong class=\"subt1a\">T\u00edtulo a otorgar:<\/strong><\/h4><p>Licenciado en Comunicaci\u00f3n Social<\/p><ul><li>Con menci\u00f3n en Periodismo<\/li><li>Con menci\u00f3n en Gesti\u00f3n y Producci\u00f3n<\/li><li>Con menci\u00f3n en Locuci\u00f3n<\/li><\/ul><h4><span class=\"subt1a\"><strong>Perfil del Licenciado en Comunicaci\u00f3n Social<\/strong><\/span><\/h4><p>El Licenciado en Comunicaci\u00f3n Social es un profesional:<\/p><ul><li>Que conoce la importancia de <strong>la comunicaci\u00f3n<\/strong> como elemento de <strong>promoci\u00f3n humana y dinamizaci\u00f3n social.<\/strong><\/li><li>Que ejerce su profesi\u00f3n en <strong>consonancia con las necesidades y las problem\u00e1ticas de las comunidades<\/strong> en las que se inserta con una actitud \u00e9tica.<\/li><li>Que posee <strong>habilidades y conocimientos para crear contenidos<\/strong> comunicativos y producir mensajes de diversos formatos y g\u00e9neros en diferentes soportes tecnol\u00f3gicos, reconocer los contextos sociales y culturales en los que se inserta la comunicaci\u00f3n, identificar las particularidades de sus destinatarios y la capacidad performativa de su interacci\u00f3n desde la esfera p\u00fablica<\/li><li>Que <strong>maneja h\u00e1bilmente los soportes tecnol\u00f3gicos<\/strong> por los que fluye la comunicaci\u00f3n p\u00fablica (radio y televisi\u00f3n anal\u00f3gica, radio digital, prensa escrita y soportes digitales multimediales) <strong>y las t\u00e9cnicas de expresi\u00f3n del mensaje<\/strong>.<\/li><li>Que posee <strong>competencias para investigar e intervenir<\/strong> en el campo de la comunicaci\u00f3n social.<\/li><\/ul><h4 class=\"subt1a\"><strong>Descripci\u00f3n de la carrera<\/strong><\/h4><p class=\"subt1a\">La carrera comprende:<\/p><ul><li>un <strong>ciclo introductorio<\/strong> de un a\u00f1o,<\/li><li>un <strong>ciclo b\u00e1sico<\/strong> de dos a\u00f1os y<\/li><li>un <strong>ciclo superior<\/strong> de un a\u00f1o.<\/li><\/ul><p>La carrera provee al alumno de conocimientos, habilidades y destrezas para cumplir actividades de <strong>producci\u00f3n, investigaci\u00f3n y planificaci\u00f3n de la comunicaci\u00f3n social<\/strong> a trav\u00e9s de dos ejes fundamentales: una formaci\u00f3n b\u00e1sica en Ciencias Humanas y una formaci\u00f3n profesional y t\u00e9cnica.<\/p><p>A partir del ciclo b\u00e1sico el alumno podr\u00e1 optar &#8211; seg\u00fan su vocaci\u00f3n y aptitudes- por especializarse en una orientaci\u00f3n que va a dominar por contenido y pr\u00e1ctica y que se corresponde con la Menci\u00f3n de la titulaci\u00f3n:<\/p><ul><li>Con Menci\u00f3n en <strong>Periodismo<\/strong><\/li><li>Con Menci\u00f3n en <strong>Gesti\u00f3n y Producci\u00f3n<\/strong><\/li><li>Con Menci\u00f3n en <strong>Locuci\u00f3n<\/strong><\/li><\/ul><p>La <strong>Licenciatura con menci\u00f3n en Periodismo<\/strong> a partir del ciclo b\u00e1sico aspira a lograr destrezas en la elaboraci\u00f3n de productos informativos para prensa escrita, medios audiovisuales y digitales y capacidades para investigar, analizar y evaluar la realidad social en sus distintas dimensiones. Para ello propone: el estudio del lenguaje como herramienta expresiva fundamental del periodista, abordando tanto el an\u00e1lisis como la producci\u00f3n de textos vinculados en particular con la comunicaci\u00f3n de actualidad; el aprendizaje de las caracter\u00edsticas t\u00e9cnicas y expresivas de los medios escritos, radiales, televisivos y digitales, especialmente en lo relacionado con la comunicaci\u00f3n de actualidad; el abordaje cr\u00edtico de las distintas teor\u00edas y problem\u00e1ticas de la comunicaci\u00f3n y en particular, las vinculadas al periodismo; el estudio de las distintas disciplinas cient\u00edficas y human\u00edsticas que permitan una amplia formaci\u00f3n para el ejercicio de la profesi\u00f3n. El ciclo superior se orienta a la investigaci\u00f3n y a la especializaci\u00f3n mediante seminarios espec\u00edficos.<\/p><p>La <strong>Licenciatura con menci\u00f3n en Gesti\u00f3n y Producci\u00f3n<\/strong> a partir del ciclo b\u00e1sico aspira a compartir propuestas conceptuales, metodol\u00f3gicas y experienciales en torno a la gesti\u00f3n de la comunicaci\u00f3n en el espacio p\u00fablico y en las organizaciones; desarrollar competencias para la producci\u00f3n de mensajes en diferentes soportes, comprender cr\u00edticamente las relaciones entre planificaci\u00f3n y comunicaci\u00f3n en los contextos sociales; reconocer metodolog\u00edas de diagn\u00f3stico, planificaci\u00f3n y ejecuci\u00f3n de proyectos comunicacionales. El ciclo superior tiene el prop\u00f3sito de impulsar estudios espec\u00edficos en el campo de la planificaci\u00f3n y gesti\u00f3n de medios de comunicaci\u00f3n y proyectos comunicacionales en \u00e1reas del Estado, empresas, organizaciones y sistematizar conocimientos en materia de planificaci\u00f3n, producci\u00f3n y gesti\u00f3n de la comunicaci\u00f3n a trav\u00e9s de la investigaci\u00f3n aplicada.<\/p><p>La <strong>Licenciatura en Comunicaci\u00f3n Social con Menci\u00f3n en Locuci\u00f3n<\/strong> a partir del Ciclo B\u00e1sico proporciona instrumentos te\u00f3ricos y pr\u00e1cticos para manejar los soportes tecnol\u00f3gicos por los que fluye la comunicaci\u00f3n p\u00fablica oral y las t\u00e9cnicas de expresi\u00f3n del mensaje atendiendo a las particularidades de los distintos canales. El ciclo superior tiene como objetivo perfeccionar las habilidades y destrezas adquiridas en el ciclo b\u00e1sico en la realizaci\u00f3n de pr\u00e1cticas concretas en diferentes medios audiovisuales, como as\u00ed tambi\u00e9n propiciar la reflexi\u00f3n sobre las problem\u00e1ticas afines a la profesi\u00f3n. El Licenciado en Comunicaci\u00f3n Social con menci\u00f3n en Locuci\u00f3n es un profesional que posee habilidades y conocimientos vocales para transmitir el mensaje. La correcta utilizaci\u00f3n de las herramientas foni\u00e1tricas y locutivas, le permite producir mensajes orales con calidad en el lenguaje creando contenidos comunicativos en diversos formatos y g\u00e9neros, en medios radiof\u00f3nicos y televisivos como as\u00ed tambi\u00e9n en actos p\u00fablicos, sumando a ello la posibilidad de utilizar su voz en el doblaje de producciones cinematogr\u00e1ficas, publicitarias y televisivas.<br \/>A las materias comunes de toda la carrera de comunicaci\u00f3n social, Locuci\u00f3n suma las llamadas troncales que son:\u00a0Introducci\u00f3n a la Locuci\u00f3n, Locuci\u00f3n I, Locuci\u00f3n II, Doblaje, Foniatr\u00eda I, Foniatr\u00eda II, Pr\u00e1ctica Integral de Radio, Pr\u00e1ctica Integral de Televisi\u00f3n y Pronunciaci\u00f3n de Lenguas Modernas.<br \/>Mediante la Resoluci\u00f3n N\u00ba 1477-AFSCA\/2014 por la cual todas y todos los Licenciados en Comunicaci\u00f3n Social con Menci\u00f3n en Locuci\u00f3n de la Universidad Nacional del Comahue que hayan egresado\u00a0con posterioridad al a\u00f1o 2003, pueden solicitar la habilitaci\u00f3n como Locutor Nacional realizando un sencillo tr\u00e1mite administrativo ante\u00a0el ISER.<\/p><p>Los estudiantes de la carrera tambi\u00e9n podr\u00e1n optar por el Profesorado en Comunicaci\u00f3n Social, que los habilita para planificar, conducir y evaluar los procesos de ense\u00f1anza-aprendizaje en todos los niveles del sistema educativo, que se ofrece con una curr\u00edcula propia, pero compatible con la establecida para la Licenciatura con la que comparte el ciclo introductorio y las asignaturas correspondientes a la formaci\u00f3n disciplinar y complementaria.<\/p><hr noshade=\"noshade\" \/><h4 class=\"subt1a\">Alcances del t\u00edtulo de Licenciado en Comunicaci\u00f3n Social<\/h4><ul><li>Planificador, dise\u00f1ador, ejecutor y\/o asesor de pol\u00edticas y programas comunicacionales.<\/li><li>Investigador y\/o analista en el campo de la comunicaci\u00f3n.<\/li><li>Conductor y\/o integrante de equipos de comunicaci\u00f3n en organizaciones.<\/li><li>Productor y realizador en medios de comunicaci\u00f3n escritos, radiof\u00f3nicos, televisivos y digitales.<\/li><\/ul><hr noshade=\"noshade\" \/><h4 class=\"subt1a\">Menci\u00f3n en Periodismo<\/h4><ul><li>Productor y realizador de mensajes period\u00edsticos de tipo informativo, interpretativo y de opini\u00f3n en medios de comunicaci\u00f3n.<\/li><\/ul><hr noshade=\"noshade\" \/><h4 class=\"subt1a\">Menci\u00f3n en Gesti\u00f3n y Producci\u00f3n<\/h4><ul><li>Comunicador social en instituciones, organizaciones y empresas.<\/li><li>Productor y realizador de contenidos comunicativos en diversos g\u00e9neros, formatos y soportes con fines espec\u00edficos.<\/li><\/ul><hr noshade=\"noshade\" \/><h4 class=\"subt1a\">Menci\u00f3n en Locuci\u00f3n<\/h4><ul><li>Difusor de mensajes informativos, publicitarios, promocionales e institucionales en medios audiovisuales.<\/li><li>Conductor y animador de audiciones radiof\u00f3nicas, producciones audiovisuales y como maestro de ceremonias p\u00fablicas y privadas.<\/li><\/ul><\/div><\/div>\t\t\t\t\t\t\t\t<\/div>\n\t\t\t\t<\/div>\n\t\t\t\t<div class=\"elementor-element elementor-element-978707c elementor-widget elementor-widget-shortcode\" data-id=\"978707c\" data-element_type=\"widget\" data-e-type=\"widget\" data-widget_type=\"shortcode.default\">\n\t\t\t\t<div class=\"elementor-widget-container\">\n\t\t\t\t\t\t\t<div class=\"elementor-shortcode\">\t\t<div data-elementor-type=\"section\" data-elementor-id=\"4583\" class=\"elementor elementor-4583\" data-elementor-post-type=\"elementor_library\">\r\n\t\t\t\t\t<section class=\"elementor-section elementor-top-section elementor-element elementor-element-14232f66 elementor-section-boxed elementor-section-height-default elementor-section-height-default\" data-id=\"14232f66\" data-element_type=\"section\" data-e-type=\"section\">\n\t\t\t\t\t\t<div class=\"elementor-container elementor-column-gap-default\">\n\t\t\t\t\t<div class=\"elementor-column elementor-col-100 elementor-top-column elementor-element elementor-element-613d052d\" data-id=\"613d052d\" data-element_type=\"column\" data-e-type=\"column\">\n\t\t\t<div class=\"elementor-widget-wrap elementor-element-populated\">\n\t\t\t\t\t\t<div class=\"elementor-element elementor-element-6b448111 elementor-widget-divider--view-line elementor-widget elementor-widget-divider\" data-id=\"6b448111\" data-element_type=\"widget\" data-e-type=\"widget\" data-widget_type=\"divider.default\">\n\t\t\t\t<div class=\"elementor-widget-container\">\n\t\t\t\t\t\t\t<div class=\"elementor-divider\">\n\t\t\t<span class=\"elementor-divider-separator\">\n\t\t\t\t\t\t<\/span>\n\t\t<\/div>\n\t\t\t\t\t\t<\/div>\n\t\t\t\t<\/div>\n\t\t\t\t<div class=\"elementor-element elementor-element-4d542db7 elementor-widget elementor-widget-text-editor\" data-id=\"4d542db7\" data-element_type=\"widget\" data-e-type=\"widget\" data-widget_type=\"text-editor.default\">\n\t\t\t\t<div class=\"elementor-widget-container\">\n\t\t\t\t\t\t\t\t\t<p><strong>INFORMACI\u00d3N<\/strong><br \/>Departamento de Alumnos<br \/>TE: (0298) 4435700<br \/>Correo electr\u00f3nico:\u00a0<a href=\"mailto:alumnos@fade.uncoma.edu.ar\">alumnos@fade.uncoma.edu.ar<\/a><br \/>Mendoza y Per\u00fa.<br \/>(8332) General Roca, R\u00edo Negro<br \/>Argentina<\/p>\t\t\t\t\t\t\t\t<\/div>\n\t\t\t\t<\/div>\n\t\t\t\t\t<\/div>\n\t\t<\/div>\n\t\t\t\t\t<\/div>\n\t\t<\/section>\n\t\t\t\t<\/div>\r\n\t\t<\/div>\n\t\t\t\t\t\t<\/div>\n\t\t\t\t<\/div>\n\t\t\t\t\t<\/div>\n\t\t<\/div>\n\t\t\t\t<div class=\"elementor-column elementor-col-33 elementor-top-column elementor-element elementor-element-c3ffe50\" data-id=\"c3ffe50\" data-element_type=\"column\" data-e-type=\"column\">\n\t\t\t<div class=\"elementor-widget-wrap elementor-element-populated\">\n\t\t\t\t\t\t<div class=\"elementor-element elementor-element-4d14a2a elementor-nav-menu__align-start elementor-nav-menu--dropdown-none elementor-widget elementor-widget-nav-menu\" data-id=\"4d14a2a\" data-element_type=\"widget\" data-e-type=\"widget\" id=\"menu-lateral\" data-settings=\"{&quot;layout&quot;:&quot;vertical&quot;,&quot;submenu_icon&quot;:{&quot;value&quot;:&quot;&lt;i class=\\&quot;fas fa-caret-down\\&quot; aria-hidden=\\&quot;true\\&quot;&gt;&lt;\\\/i&gt;&quot;,&quot;library&quot;:&quot;fa-solid&quot;}}\" data-widget_type=\"nav-menu.default\">\n\t\t\t\t<div class=\"elementor-widget-container\">\n\t\t\t\t\t\t\t\t<nav aria-label=\"Menu\" class=\"elementor-nav-menu--main elementor-nav-menu__container elementor-nav-menu--layout-vertical e--pointer-background e--animation-fade\">\r\n\t\t\t\t<ul id=\"menu-1-4d14a2a\" class=\"elementor-nav-menu sm-vertical\"><li class=\"menu-item menu-item-type-post_type menu-item-object-page menu-item-5180\"><a href=\"https:\/\/fadeweb.uncoma.edu.ar\/index.php\/carreras\/licenciatura-en-comunicacion-social\/plan-de-estudios-licenciatura-en-comunicacion-social\/\" class=\"elementor-item\">PLAN DE ESTUDIOS<\/a><\/li>\n<li class=\"menu-item menu-item-type-post_type menu-item-object-page menu-item-10549\"><a href=\"https:\/\/fadeweb.uncoma.edu.ar\/index.php\/carreras\/licenciatura-en-comunicacion-social\/correlatividades-licenciatura-en-comunicacion-social\/\" class=\"elementor-item\">CORRELATIVIDADES<\/a><\/li>\n<li class=\"menu-item menu-item-type-post_type menu-item-object-page menu-item-5041\"><a href=\"https:\/\/fadeweb.uncoma.edu.ar\/index.php\/programas\/programa-liccomsocial\/\" class=\"elementor-item\">PROGRAMAS<\/a><\/li>\n<li class=\"menu-item menu-item-type-custom menu-item-object-custom menu-item-5042\"><a href=\"http:\/\/red-accion.uncoma.edu.ar\/larotonda.htm\" class=\"elementor-item\">LA ROTONDA\/GUIA DE RECURSOS<\/a><\/li>\n<li class=\"menu-item menu-item-type-post_type menu-item-object-page menu-item-5043\"><a href=\"https:\/\/fadeweb.uncoma.edu.ar\/index.php\/estudiantes\/calendario-academico\/\" class=\"elementor-item\">CALENDARIO ACADEMICO<\/a><\/li>\n<li class=\"menu-item menu-item-type-post_type menu-item-object-page menu-item-5044\"><a href=\"https:\/\/fadeweb.uncoma.edu.ar\/index.php\/estudiantes\/horarios-de-cursadas\/\" class=\"elementor-item\">HORARIOS DE CURSADAS<\/a><\/li>\n<li class=\"menu-item menu-item-type-custom menu-item-object-custom menu-item-5045\"><a href=\"http:\/\/siufade.uncoma.edu.ar\/\" class=\"elementor-item\">SIU FADE: Sistema de Gesti\u00f3n de Alumnos en Internet<\/a><\/li>\n<li class=\"menu-item menu-item-type-custom menu-item-object-custom menu-item-5046\"><a href=\"https:\/\/siufade.uncoma.edu.ar\/derecho\/fecha_examen\" class=\"elementor-item\">FECHAS DE EXAMENES<\/a><\/li>\n<\/ul>\t\t\t<\/nav>\r\n\t\t\t\t\t\t<nav class=\"elementor-nav-menu--dropdown elementor-nav-menu__container\" aria-hidden=\"true\">\r\n\t\t\t\t<ul id=\"menu-2-4d14a2a\" class=\"elementor-nav-menu sm-vertical\"><li class=\"menu-item menu-item-type-post_type menu-item-object-page menu-item-5180\"><a href=\"https:\/\/fadeweb.uncoma.edu.ar\/index.php\/carreras\/licenciatura-en-comunicacion-social\/plan-de-estudios-licenciatura-en-comunicacion-social\/\" class=\"elementor-item\" tabindex=\"-1\">PLAN DE ESTUDIOS<\/a><\/li>\n<li class=\"menu-item menu-item-type-post_type menu-item-object-page menu-item-10549\"><a href=\"https:\/\/fadeweb.uncoma.edu.ar\/index.php\/carreras\/licenciatura-en-comunicacion-social\/correlatividades-licenciatura-en-comunicacion-social\/\" class=\"elementor-item\" tabindex=\"-1\">CORRELATIVIDADES<\/a><\/li>\n<li class=\"menu-item menu-item-type-post_type menu-item-object-page menu-item-5041\"><a href=\"https:\/\/fadeweb.uncoma.edu.ar\/index.php\/programas\/programa-liccomsocial\/\" class=\"elementor-item\" tabindex=\"-1\">PROGRAMAS<\/a><\/li>\n<li class=\"menu-item menu-item-type-custom menu-item-object-custom menu-item-5042\"><a href=\"http:\/\/red-accion.uncoma.edu.ar\/larotonda.htm\" class=\"elementor-item\" tabindex=\"-1\">LA ROTONDA\/GUIA DE RECURSOS<\/a><\/li>\n<li class=\"menu-item menu-item-type-post_type menu-item-object-page menu-item-5043\"><a href=\"https:\/\/fadeweb.uncoma.edu.ar\/index.php\/estudiantes\/calendario-academico\/\" class=\"elementor-item\" tabindex=\"-1\">CALENDARIO ACADEMICO<\/a><\/li>\n<li class=\"menu-item menu-item-type-post_type menu-item-object-page menu-item-5044\"><a href=\"https:\/\/fadeweb.uncoma.edu.ar\/index.php\/estudiantes\/horarios-de-cursadas\/\" class=\"elementor-item\" tabindex=\"-1\">HORARIOS DE CURSADAS<\/a><\/li>\n<li class=\"menu-item menu-item-type-custom menu-item-object-custom menu-item-5045\"><a href=\"http:\/\/siufade.uncoma.edu.ar\/\" class=\"elementor-item\" tabindex=\"-1\">SIU FADE: Sistema de Gesti\u00f3n de Alumnos en Internet<\/a><\/li>\n<li class=\"menu-item menu-item-type-custom menu-item-object-custom menu-item-5046\"><a href=\"https:\/\/siufade.uncoma.edu.ar\/derecho\/fecha_examen\" class=\"elementor-item\" tabindex=\"-1\">FECHAS DE EXAMENES<\/a><\/li>\n<\/ul>\t\t\t<\/nav>\r\n\t\t\t\t\t\t<\/div>\n\t\t\t\t<\/div>\n\t\t\t\t\t<\/div>\n\t\t<\/div>\n\t\t\t\t\t<\/div>\n\t\t<\/section>\n\t\t\t\t<\/div>\n\t\t","protected":false},"excerpt":{"rendered":"<p>LICENCIATURA EN COMUNICACION SOCIAL \u00a0 Se cursa en General Roca Duraci\u00f3n de la Carrera: 4 a\u00f1os T\u00edtulo a otorgar: Licenciado en Comunicaci\u00f3n Social Con menci\u00f3n en Periodismo Con menci\u00f3n en Gesti\u00f3n y Producci\u00f3n Con menci\u00f3n en Locuci\u00f3n Perfil del Licenciado en Comunicaci\u00f3n Social El Licenciado en Comunicaci\u00f3n Social es un profesional: Que conoce la importancia [&hellip;]<\/p>\n","protected":false},"author":2,"featured_media":0,"parent":3309,"menu_order":0,"comment_status":"closed","ping_status":"closed","template":"","meta":{"footnotes":""},"class_list":["post-3331","page","type-page","status-publish","hentry"],"_links":{"self":[{"href":"https:\/\/fadeweb.uncoma.edu.ar\/index.php\/wp-json\/wp\/v2\/pages\/3331","targetHints":{"allow":["GET"]}}],"collection":[{"href":"https:\/\/fadeweb.uncoma.edu.ar\/index.php\/wp-json\/wp\/v2\/pages"}],"about":[{"href":"https:\/\/fadeweb.uncoma.edu.ar\/index.php\/wp-json\/wp\/v2\/types\/page"}],"author":[{"embeddable":true,"href":"https:\/\/fadeweb.uncoma.edu.ar\/index.php\/wp-json\/wp\/v2\/users\/2"}],"replies":[{"embeddable":true,"href":"https:\/\/fadeweb.uncoma.edu.ar\/index.php\/wp-json\/wp\/v2\/comments?post=3331"}],"version-history":[{"count":6,"href":"https:\/\/fadeweb.uncoma.edu.ar\/index.php\/wp-json\/wp\/v2\/pages\/3331\/revisions"}],"predecessor-version":[{"id":5052,"href":"https:\/\/fadeweb.uncoma.edu.ar\/index.php\/wp-json\/wp\/v2\/pages\/3331\/revisions\/5052"}],"up":[{"embeddable":true,"href":"https:\/\/fadeweb.uncoma.edu.ar\/index.php\/wp-json\/wp\/v2\/pages\/3309"}],"wp:attachment":[{"href":"https:\/\/fadeweb.uncoma.edu.ar\/index.php\/wp-json\/wp\/v2\/media?parent=3331"}],"curies":[{"name":"wp","href":"https:\/\/api.w.org\/{rel}","templated":true}]}}