{"id":3309,"date":"2022-09-15T10:54:59","date_gmt":"2022-09-15T10:54:59","guid":{"rendered":"http:\/\/web.fadecs.uncoma.edu.ar\/?page_id=3309"},"modified":"2022-11-09T13:44:04","modified_gmt":"2022-11-09T16:44:04","slug":"carreras","status":"publish","type":"page","link":"https:\/\/fadeweb.uncoma.edu.ar\/index.php\/carreras\/","title":{"rendered":"CARRERAS"},"content":{"rendered":"\t\t<div data-elementor-type=\"wp-page\" data-elementor-id=\"3309\" class=\"elementor elementor-3309\" data-elementor-post-type=\"page\">\n\t\t\t\t\t\t<section class=\"elementor-section elementor-top-section elementor-element elementor-element-3c9b419 elementor-section-boxed elementor-section-height-default elementor-section-height-default\" data-id=\"3c9b419\" data-element_type=\"section\" data-e-type=\"section\">\n\t\t\t\t\t\t<div class=\"elementor-container elementor-column-gap-default\">\n\t\t\t\t\t<div class=\"elementor-column elementor-col-100 elementor-top-column elementor-element elementor-element-2e321cb\" data-id=\"2e321cb\" data-element_type=\"column\" data-e-type=\"column\">\n\t\t\t<div class=\"elementor-widget-wrap elementor-element-populated\">\n\t\t\t\t\t\t<div class=\"elementor-element elementor-element-f23de08 elementor-widget elementor-widget-heading\" data-id=\"f23de08\" data-element_type=\"widget\" data-e-type=\"widget\" data-widget_type=\"heading.default\">\n\t\t\t\t<div class=\"elementor-widget-container\">\n\t\t\t\t\t<h2 class=\"elementor-heading-title elementor-size-default\">CARRERAS DE GRADO<\/h2>\t\t\t\t<\/div>\n\t\t\t\t<\/div>\n\t\t\t\t<div class=\"elementor-element elementor-element-a752bff elementor-widget elementor-widget-text-editor\" data-id=\"a752bff\" data-element_type=\"widget\" data-e-type=\"widget\" data-widget_type=\"text-editor.default\">\n\t\t\t\t<div class=\"elementor-widget-container\">\n\t\t\t\t\t\t\t\t\t<p class=\"texto\" align=\"left\">Desde aqu\u00ed se puede acceder a las Carreras de Grado que se dictan en la <a href=\"https:\/\/fadeweb.uncoma.edu.ar\/\">Facultad de Derecho y Ciencias Sociales<\/a> de la Universidad Nacional del Comahue con los respectivos planes de estudio, plantel docente, plan de correlatividades y programas de las asignaturas.<\/p><h3 class=\"titulo3\"><a href=\"https:\/\/fadeweb.uncoma.edu.ar\/index.php\/carreras\/abogacia\/\">Abogac\u00eda<\/a><\/h3><hr noshade=\"noshade\" \/><h3><a class=\"titulo3\" href=\"https:\/\/fadeweb.uncoma.edu.ar\/index.php\/carreras\/licenciatura-en-comunicacion-social\/\">Licenciatura en Comunicaci\u00f3n Social<\/a><\/h3><ul><li class=\"texto\">Con menci\u00f3n en Periodismo<\/li><li class=\"texto\">Con menci\u00f3n en Gesti\u00f3n y Producci\u00f3n<\/li><li class=\"texto\">Con menci\u00f3n en Locuci\u00f3n<\/li><\/ul><hr noshade=\"noshade\" \/><h3><a class=\"titulo3\" href=\"https:\/\/fadeweb.uncoma.edu.ar\/index.php\/carreras\/profesorado-en-comunicacion-social\/\">Profesorado en Comunicaci\u00f3n Social<\/a><\/h3><hr noshade=\"noshade\" \/><h3 class=\"titulo3\"><a href=\"https:\/\/fadeweb.uncoma.edu.ar\/index.php\/carreras\/licenciatura-en-servicio-social\/\">Licenciatura en Servicio Social<\/a><\/h3><hr noshade=\"noshade\" \/><h3><span class=\"titulo3\"><a href=\"https:\/\/fadeweb.uncoma.edu.ar\/index.php\/carreras\/licenciatura-en-sociologia\/\">Licenciatura en Sociolog\u00eda<\/a><\/span><\/h3>\t\t\t\t\t\t\t\t<\/div>\n\t\t\t\t<\/div>\n\t\t\t\t<div class=\"elementor-element elementor-element-a5b1bdb elementor-widget elementor-widget-shortcode\" data-id=\"a5b1bdb\" data-element_type=\"widget\" data-e-type=\"widget\" data-widget_type=\"shortcode.default\">\n\t\t\t\t<div class=\"elementor-widget-container\">\n\t\t\t\t\t\t\t<div class=\"elementor-shortcode\">\t\t<div data-elementor-type=\"section\" data-elementor-id=\"4583\" class=\"elementor elementor-4583\" data-elementor-post-type=\"elementor_library\">\r\n\t\t\t\t\t<section class=\"elementor-section elementor-top-section elementor-element elementor-element-14232f66 elementor-section-boxed elementor-section-height-default elementor-section-height-default\" data-id=\"14232f66\" data-element_type=\"section\" data-e-type=\"section\">\n\t\t\t\t\t\t<div class=\"elementor-container elementor-column-gap-default\">\n\t\t\t\t\t<div class=\"elementor-column elementor-col-100 elementor-top-column elementor-element elementor-element-613d052d\" data-id=\"613d052d\" data-element_type=\"column\" data-e-type=\"column\">\n\t\t\t<div class=\"elementor-widget-wrap elementor-element-populated\">\n\t\t\t\t\t\t<div class=\"elementor-element elementor-element-6b448111 elementor-widget-divider--view-line elementor-widget elementor-widget-divider\" data-id=\"6b448111\" data-element_type=\"widget\" data-e-type=\"widget\" data-widget_type=\"divider.default\">\n\t\t\t\t<div class=\"elementor-widget-container\">\n\t\t\t\t\t\t\t<div class=\"elementor-divider\">\n\t\t\t<span class=\"elementor-divider-separator\">\n\t\t\t\t\t\t<\/span>\n\t\t<\/div>\n\t\t\t\t\t\t<\/div>\n\t\t\t\t<\/div>\n\t\t\t\t<div class=\"elementor-element elementor-element-4d542db7 elementor-widget elementor-widget-text-editor\" data-id=\"4d542db7\" data-element_type=\"widget\" data-e-type=\"widget\" data-widget_type=\"text-editor.default\">\n\t\t\t\t<div class=\"elementor-widget-container\">\n\t\t\t\t\t\t\t\t\t<p><strong>INFORMACI\u00d3N<\/strong><br \/>Departamento de Alumnos<br \/>TE: (0298) 4435700<br \/>Correo electr\u00f3nico:\u00a0<a href=\"mailto:alumnos@fade.uncoma.edu.ar\">alumnos@fade.uncoma.edu.ar<\/a><br \/>Mendoza y Per\u00fa.<br \/>(8332) General Roca, R\u00edo Negro<br \/>Argentina<\/p>\t\t\t\t\t\t\t\t<\/div>\n\t\t\t\t<\/div>\n\t\t\t\t\t<\/div>\n\t\t<\/div>\n\t\t\t\t\t<\/div>\n\t\t<\/section>\n\t\t\t\t<\/div>\r\n\t\t<\/div>\n\t\t\t\t\t\t<\/div>\n\t\t\t\t<\/div>\n\t\t\t\t\t<\/div>\n\t\t<\/div>\n\t\t\t\t\t<\/div>\n\t\t<\/section>\n\t\t\t\t<\/div>\n\t\t","protected":false},"excerpt":{"rendered":"<p>CARRERAS DE GRADO Desde aqu\u00ed se puede acceder a las Carreras de Grado que se dictan en la Facultad de Derecho y Ciencias Sociales de la Universidad Nacional del Comahue con los respectivos planes de estudio, plantel docente, plan de correlatividades y programas de las asignaturas. Abogac\u00eda Licenciatura en Comunicaci\u00f3n Social Con menci\u00f3n en Periodismo [&hellip;]<\/p>\n","protected":false},"author":2,"featured_media":0,"parent":0,"menu_order":0,"comment_status":"closed","ping_status":"closed","template":"","meta":{"footnotes":""},"class_list":["post-3309","page","type-page","status-publish","hentry"],"_links":{"self":[{"href":"https:\/\/fadeweb.uncoma.edu.ar\/index.php\/wp-json\/wp\/v2\/pages\/3309","targetHints":{"allow":["GET"]}}],"collection":[{"href":"https:\/\/fadeweb.uncoma.edu.ar\/index.php\/wp-json\/wp\/v2\/pages"}],"about":[{"href":"https:\/\/fadeweb.uncoma.edu.ar\/index.php\/wp-json\/wp\/v2\/types\/page"}],"author":[{"embeddable":true,"href":"https:\/\/fadeweb.uncoma.edu.ar\/index.php\/wp-json\/wp\/v2\/users\/2"}],"replies":[{"embeddable":true,"href":"https:\/\/fadeweb.uncoma.edu.ar\/index.php\/wp-json\/wp\/v2\/comments?post=3309"}],"version-history":[{"count":9,"href":"https:\/\/fadeweb.uncoma.edu.ar\/index.php\/wp-json\/wp\/v2\/pages\/3309\/revisions"}],"predecessor-version":[{"id":10359,"href":"https:\/\/fadeweb.uncoma.edu.ar\/index.php\/wp-json\/wp\/v2\/pages\/3309\/revisions\/10359"}],"wp:attachment":[{"href":"https:\/\/fadeweb.uncoma.edu.ar\/index.php\/wp-json\/wp\/v2\/media?parent=3309"}],"curies":[{"name":"wp","href":"https:\/\/api.w.org\/{rel}","templated":true}]}}

<div data-elementor-type="wp-page" data-elementor-id="3309" class="elementor elementor-3309" data-elementor-post-type="page">
						<section class="elementor-section elementor-top-section elementor-element elementor-element-3c9b419 elementor-section-boxed elementor-section-height-default elementor-section-height-default" data-id="3c9b419" data-element_type="section" data-e-type="section">
						<div class="elementor-container elementor-column-gap-default">
					<div class="elementor-column elementor-col-100 elementor-top-column elementor-element elementor-element-2e321cb" data-id="2e321cb" data-element_type="column" data-e-type="column">
			<div class="elementor-widget-wrap elementor-element-populated">
						<div class="elementor-element elementor-element-f23de08 elementor-widget elementor-widget-heading" data-id="f23de08" data-element_type="widget" data-e-type="widget" data-widget_type="heading.default">
				<div class="elementor-widget-container">
					<h2 class="elementor-heading-title elementor-size-default">CARRERAS DE GRADO</h2>				</div>
				</div>
				<div class="elementor-element elementor-element-a752bff elementor-widget elementor-widget-text-editor" data-id="a752bff" data-element_type="widget" data-e-type="widget" data-widget_type="text-editor.default">
				<div class="elementor-widget-container">
									<p class="texto" align="left">Desde aquí se puede acceder a las Carreras de Grado que se dictan en la <a href="https://fadeweb.uncoma.edu.ar/">Facultad de Derecho y Ciencias Sociales</a> de la Universidad Nacional del Comahue con los respectivos planes de estudio, plantel docente, plan de correlatividades y programas de las asignaturas.</p><h3 class="titulo3"><a href="https://fadeweb.uncoma.edu.ar/index.php/carreras/abogacia/">Abogacía</a></h3><hr noshade="noshade" /><h3><a class="titulo3" href="https://fadeweb.uncoma.edu.ar/index.php/carreras/licenciatura-en-comunicacion-social/">Licenciatura en Comunicación Social</a></h3><ul><li class="texto">Con mención en Periodismo</li><li class="texto">Con mención en Gestión y Producción</li><li class="texto">Con mención en Locución</li></ul><hr noshade="noshade" /><h3><a class="titulo3" href="https://fadeweb.uncoma.edu.ar/index.php/carreras/profesorado-en-comunicacion-social/">Profesorado en Comunicación Social</a></h3><hr noshade="noshade" /><h3 class="titulo3"><a href="https://fadeweb.uncoma.edu.ar/index.php/carreras/licenciatura-en-servicio-social/">Licenciatura en Servicio Social</a></h3><hr noshade="noshade" /><h3><span class="titulo3"><a href="https://fadeweb.uncoma.edu.ar/index.php/carreras/licenciatura-en-sociologia/">Licenciatura en Sociología</a></span></h3>								</div>
				</div>
				<div class="elementor-element elementor-element-a5b1bdb elementor-widget elementor-widget-shortcode" data-id="a5b1bdb" data-element_type="widget" data-e-type="widget" data-widget_type="shortcode.default">
				<div class="elementor-widget-container">
							<div class="elementor-shortcode">		<div data-elementor-type="section" data-elementor-id="4583" class="elementor elementor-4583" data-elementor-post-type="elementor_library">
					<section class="elementor-section elementor-top-section elementor-element elementor-element-14232f66 elementor-section-boxed elementor-section-height-default elementor-section-height-default" data-id="14232f66" data-element_type="section" data-e-type="section">
						<div class="elementor-container elementor-column-gap-default">
					<div class="elementor-column elementor-col-100 elementor-top-column elementor-element elementor-element-613d052d" data-id="613d052d" data-element_type="column" data-e-type="column">
			<div class="elementor-widget-wrap elementor-element-populated">
						<div class="elementor-element elementor-element-6b448111 elementor-widget-divider--view-line elementor-widget elementor-widget-divider" data-id="6b448111" data-element_type="widget" data-e-type="widget" data-widget_type="divider.default">
				<div class="elementor-widget-container">
							<div class="elementor-divider">
			<span class="elementor-divider-separator">
						</span>
		</div>
						</div>
				</div>
				<div class="elementor-element elementor-element-4d542db7 elementor-widget elementor-widget-text-editor" data-id="4d542db7" data-element_type="widget" data-e-type="widget" data-widget_type="text-editor.default">
				<div class="elementor-widget-container">
									<p><strong>INFORMACIÓN</strong><br />Departamento de Alumnos<br />TE: (0298) 4435700<br />Correo electrónico: <a href="mailto:alumnos@fade.uncoma.edu.ar">alumnos@fade.uncoma.edu.ar</a><br />Mendoza y Perú.<br />(8332) General Roca, Río Negro<br />Argentina</p>								</div>
				</div>
					</div>
		</div>
					</div>
		</section>
				</div>
		</div>
						</div>
				</div>
					</div>
		</div>
					</div>
		</section>
				</div>

<p>CARRERAS DE GRADO Desde aquí se puede acceder a las Carreras de Grado que se dictan en la Facultad de Derecho y Ciencias Sociales de la Universidad Nacional del Comahue con los respectivos planes de estudio, plantel docente, plan de correlatividades y programas de las asignaturas. Abogacía Licenciatura en Comunicación Social Con mención en Periodismo [&hellip;]</p>
