{"id":29237,"date":"2026-08-31T14:17:20","date_gmt":"2026-08-31T17:17:20","guid":{"rendered":"https:\/\/fadeweb.uncoma.edu.ar\/?page_id=29237"},"modified":"2026-08-31T14:20:06","modified_gmt":"2026-08-31T17:20:06","slug":"producciones-audiovisuales-accesibilidad","status":"publish","type":"page","link":"https:\/\/fadeweb.uncoma.edu.ar\/index.php\/producciones-audiovisuales-accesibilidad\/","title":{"rendered":"Producciones audiovisuales ACCESIBILIDAD"},"content":{"rendered":"\t\t<div data-elementor-type=\"wp-page\" data-elementor-id=\"29237\" class=\"elementor elementor-29237\" data-elementor-post-type=\"page\">\n\t\t\t\t\t\t<section class=\"elementor-section elementor-top-section elementor-element elementor-element-a42c538 elementor-section-boxed elementor-section-height-default elementor-section-height-default\" data-id=\"a42c538\" data-element_type=\"section\" data-e-type=\"section\">\n\t\t\t\t\t\t<div class=\"elementor-container elementor-column-gap-default\">\n\t\t\t\t\t<div class=\"elementor-column elementor-col-100 elementor-top-column elementor-element elementor-element-36da982\" data-id=\"36da982\" data-element_type=\"column\" data-e-type=\"column\">\n\t\t\t<div class=\"elementor-widget-wrap elementor-element-populated\">\n\t\t\t\t\t\t<div class=\"elementor-element elementor-element-6147890 elementor-widget elementor-widget-text-editor\" data-id=\"6147890\" data-element_type=\"widget\" data-e-type=\"widget\" data-widget_type=\"text-editor.default\">\n\t\t\t\t<div class=\"elementor-widget-container\">\n\t\t\t\t\t\t\t\t\t<h2>Producciones audiovisuales<\/h2><p>Producciones audiovisuales acerca de la discapacidad y la accesibilidad: Este espacio tiene la finalidad de visibilizar y sensibilizar a la comunidad acerca de la tem\u00e1tica, fueron realizadas por la Asociaci\u00f3n Civil Grupo Inca, producto de la presentaci\u00f3n a concursos y convocatorias del Fondo Nacional de las Artes y campa\u00f1as de bien p\u00fablico de AFSCA y ENACOM.<\/p><p>\u00a0<\/p><div><b>Corto premiado: \u00abLa Carrera\u00bb<\/b>.La Carrera es un corto documental que narra la experiencia de Albano, un joven con discapacidad, en su decisi\u00f3n de independizarse y transitar el camino de la vida universitaria.<\/div><p><a href=\"https:\/\/www.youtube.com\/watch?v=GhNqIyR--RY&amp;t=7s\" target=\"_blank\" rel=\"noopener\">https:\/\/www.youtube.com\/watch?v=GhNqIyR&#8211;RY&amp;t=7s<\/a><\/p><div>\u00a0<\/div><div><strong>\u00abEspacio\u00bb<\/strong> es un corto audiovisual creado con el fin de generar conciencia acerca de la necesidad de abrir nuevos espacios en \u00e1mbitos laborales para las personas con discapacidad. El corto de ficci\u00f3n, rodado en instalaciones y aleda\u00f1os de la radio Antena libre, revela la cotidianidad laboral de una persona con discapacidad.<\/div><div><a href=\"https:\/\/www.youtube.com\/watch?v=IHYbQanTEvg\" target=\"_blank\" rel=\"noopener\">https:\/\/www.youtube.com\/watch?v=IHYbQanTEvg<\/a><\/div><div><b>\u00a0<\/b><\/div><div><b>Spot: \u00abSe\u00f1ales de cambio\u00bb.\u00a0<\/b>Ganador del concurso FOMECA producciones audiovisuales. Promueve la importancia del aprendizaje de la lengua de se\u00f1as.<\/div><div><a href=\"https:\/\/www.youtube.com\/watch?v=KzA5icvSTyg\" target=\"_blank\" rel=\"noopener\">https:\/\/www.youtube.com\/watch?v=KzA5icvSTyg<\/a><\/div><div>\u00a0<\/div><div><b>Spot: \u00abAutodeterminaci\u00f3n y Libre decisi\u00f3n\u00bb.\u00a0<\/b>Premisa de la Convenci\u00f3n sobre los derechos de las personas con discapacidad.<\/div><div>Spot:\u00a0<\/div><div><a href=\"https:\/\/www.youtube.com\/watch?v=ElY6furPiLg\" target=\"_blank\" rel=\"noopener\">https:\/\/www.youtube.com\/watch?v=ElY6furPiLg<\/a><\/div><div>\u00a0<\/div><div><div><b>Spot: \u00abIndependencia y protagonismo\u00bb<\/b>. Uno de los preceptos de la Convenci\u00f3n internacional sobre los derechos de las personas con discapacidad, indica la importancia de la importancia de las personas con\u00a0discapacidad de ser protagonistas de su propio destino.<\/div><div><a href=\"https:\/\/www.youtube.com\/watch?v=I0mwzucMbv0\" target=\"_blank\" rel=\"noopener\">https:\/\/www.youtube.com\/watch?v=I0mwzucMbv0<\/a><\/div><\/div><div><b>\u00a0<\/b><\/div><div><b>Spot: \u00abDerecho a la informaci\u00f3n\u00bb<\/b>\u00a0Es uno de los derechos esenciales que promueve la Ley de Comunicaci\u00f3n Audiovisual para que la informaci\u00f3n llegue a todos.<\/div><div><a href=\"https:\/\/www.youtube.com\/watch?v=eWf0Od_0T5I\" target=\"_blank\" rel=\"noopener\">https:\/\/www.youtube.com\/watch?v=eWf0Od_0T5I<\/a><\/div><div>\u00a0<\/div><div><b>Spot: \u00abParticipaci\u00f3n, ejercicio de derechos y oportunidades\u00bb\u00a0<\/b>Preceptos de la Convenci\u00f3n que aseguran la igualdad y la accesibilidad.<\/div><div><a href=\"https:\/\/www.youtube.com\/watch?v=koI0c5P-sYc\" target=\"_blank\" rel=\"noopener\">https:\/\/www.youtube.com\/watch?v=koI0c5P-sYc<\/a><\/div><div>\u00a0<\/div><div><b>Spot: \u00abDerecho a la solidaridad\u00bb\u00a0<\/b>Promueve la solidaridad y la empat\u00eda, en lugar de indiferencia y marginaci\u00f3n.<\/div><div><a href=\"https:\/\/www.youtube.com\/watch?v=YvPsCQ8BXPM\" target=\"_blank\" rel=\"noopener\">https:\/\/www.youtube.com\/watch?v=YvPsCQ8BXPM<\/a><\/div><div>\u00a0<\/div><div><b>Spot: Derecho a vivir una vida independiente y a ser incluido en la comunidad.\u00a0<\/b>Las personas con discapacidad deben poder gestionar su propia vida en la sociedad.<\/div><div><a href=\"https:\/\/www.youtube.com\/watch?v=Z6DRE942cq4\" target=\"_blank\" rel=\"noopener\">https:\/\/www.youtube.com\/watch?v=Z6DRE942cq4<\/a><\/div><div>\u00a0<\/div><div><b>Spot: Institucional de la Asociaci\u00f3n Civil Grupo Inca<\/b><\/div><div><a href=\"https:\/\/www.youtube.com\/watch?v=q9RUnd4RqdY\" target=\"_blank\" rel=\"noopener\">https:\/\/www.youtube.com\/watch?v=q9RUnd4RqdY<\/a><\/div><div>\u00a0<\/div><p style=\"font-weight: 400;\">Audiovisual accesible con fines informativos producido por \u00e9sta \u00c1rea de Accesibilidad. Realizado de acuerdo al Proyecto de\u00a0Accesibilidad <strong>\u201cServicios Audiovisuales Accesibles\u201d<\/strong>, Res. 121\/2019 <a href=\"https:\/\/drive.google.com\/file\/d\/1pcFh3wHwGOnD4ajV2HOOuw5X_wSA5ama\/view?usp=sharing\">https:\/\/drive.google.com\/file\/d\/1pcFh3wHwGOnD4ajV2HOOuw5X_wSA5ama\/view?usp=sharing<\/a>\u00a0<\/p><p style=\"font-weight: 400;\">\u00a0<\/p>\t\t\t\t\t\t\t\t<\/div>\n\t\t\t\t<\/div>\n\t\t\t\t\t<\/div>\n\t\t<\/div>\n\t\t\t\t\t<\/div>\n\t\t<\/section>\n\t\t\t\t<\/div>\n\t\t","protected":false},"excerpt":{"rendered":"<p>Producciones audiovisuales Producciones audiovisuales acerca de la discapacidad y la accesibilidad: Este espacio tiene la finalidad de visibilizar y sensibilizar a la comunidad acerca de la tem\u00e1tica, fueron realizadas por la Asociaci\u00f3n Civil Grupo Inca, producto de la presentaci\u00f3n a concursos y convocatorias del Fondo Nacional de las Artes y campa\u00f1as de bien p\u00fablico de [&hellip;]<\/p>\n","protected":false},"author":4,"featured_media":0,"parent":0,"menu_order":0,"comment_status":"closed","ping_status":"closed","template":"","meta":{"footnotes":""},"class_list":["post-29237","page","type-page","status-publish","hentry"],"_links":{"self":[{"href":"https:\/\/fadeweb.uncoma.edu.ar\/index.php\/wp-json\/wp\/v2\/pages\/29237","targetHints":{"allow":["GET"]}}],"collection":[{"href":"https:\/\/fadeweb.uncoma.edu.ar\/index.php\/wp-json\/wp\/v2\/pages"}],"about":[{"href":"https:\/\/fadeweb.uncoma.edu.ar\/index.php\/wp-json\/wp\/v2\/types\/page"}],"author":[{"embeddable":true,"href":"https:\/\/fadeweb.uncoma.edu.ar\/index.php\/wp-json\/wp\/v2\/users\/4"}],"replies":[{"embeddable":true,"href":"https:\/\/fadeweb.uncoma.edu.ar\/index.php\/wp-json\/wp\/v2\/comments?post=29237"}],"version-history":[{"count":3,"href":"https:\/\/fadeweb.uncoma.edu.ar\/index.php\/wp-json\/wp\/v2\/pages\/29237\/revisions"}],"predecessor-version":[{"id":29241,"href":"https:\/\/fadeweb.uncoma.edu.ar\/index.php\/wp-json\/wp\/v2\/pages\/29237\/revisions\/29241"}],"wp:attachment":[{"href":"https:\/\/fadeweb.uncoma.edu.ar\/index.php\/wp-json\/wp\/v2\/media?parent=29237"}],"curies":[{"name":"wp","href":"https:\/\/api.w.org\/{rel}","templated":true}]}}

<div data-elementor-type="wp-page" data-elementor-id="29237" class="elementor elementor-29237" data-elementor-post-type="page">
						<section class="elementor-section elementor-top-section elementor-element elementor-element-a42c538 elementor-section-boxed elementor-section-height-default elementor-section-height-default" data-id="a42c538" data-element_type="section" data-e-type="section">
						<div class="elementor-container elementor-column-gap-default">
					<div class="elementor-column elementor-col-100 elementor-top-column elementor-element elementor-element-36da982" data-id="36da982" data-element_type="column" data-e-type="column">
			<div class="elementor-widget-wrap elementor-element-populated">
						<div class="elementor-element elementor-element-6147890 elementor-widget elementor-widget-text-editor" data-id="6147890" data-element_type="widget" data-e-type="widget" data-widget_type="text-editor.default">
				<div class="elementor-widget-container">
									<h2>Producciones audiovisuales</h2><p>Producciones audiovisuales acerca de la discapacidad y la accesibilidad: Este espacio tiene la finalidad de visibilizar y sensibilizar a la comunidad acerca de la temática, fueron realizadas por la Asociación Civil Grupo Inca, producto de la presentación a concursos y convocatorias del Fondo Nacional de las Artes y campañas de bien público de AFSCA y ENACOM.</p><p> </p><div><b>Corto premiado: «La Carrera»</b>.La Carrera es un corto documental que narra la experiencia de Albano, un joven con discapacidad, en su decisión de independizarse y transitar el camino de la vida universitaria.</div><p><a href="https://www.youtube.com/watch?v=GhNqIyR--RY&amp;t=7s" target="_blank" rel="noopener">https://www.youtube.com/watch?v=GhNqIyR&#8211;RY&amp;t=7s</a></p><div> </div><div><strong>«Espacio»</strong> es un corto audiovisual creado con el fin de generar conciencia acerca de la necesidad de abrir nuevos espacios en ámbitos laborales para las personas con discapacidad. El corto de ficción, rodado en instalaciones y aledaños de la radio Antena libre, revela la cotidianidad laboral de una persona con discapacidad.</div><div><a href="https://www.youtube.com/watch?v=IHYbQanTEvg" target="_blank" rel="noopener">https://www.youtube.com/watch?v=IHYbQanTEvg</a></div><div><b> </b></div><div><b>Spot: «Señales de cambio». </b>Ganador del concurso FOMECA producciones audiovisuales. Promueve la importancia del aprendizaje de la lengua de señas.</div><div><a href="https://www.youtube.com/watch?v=KzA5icvSTyg" target="_blank" rel="noopener">https://www.youtube.com/watch?v=KzA5icvSTyg</a></div><div> </div><div><b>Spot: «Autodeterminación y Libre decisión». </b>Premisa de la Convención sobre los derechos de las personas con discapacidad.</div><div>Spot: </div><div><a href="https://www.youtube.com/watch?v=ElY6furPiLg" target="_blank" rel="noopener">https://www.youtube.com/watch?v=ElY6furPiLg</a></div><div> </div><div><div><b>Spot: «Independencia y protagonismo»</b>. Uno de los preceptos de la Convención internacional sobre los derechos de las personas con discapacidad, indica la importancia de la importancia de las personas con discapacidad de ser protagonistas de su propio destino.</div><div><a href="https://www.youtube.com/watch?v=I0mwzucMbv0" target="_blank" rel="noopener">https://www.youtube.com/watch?v=I0mwzucMbv0</a></div></div><div><b> </b></div><div><b>Spot: «Derecho a la información»</b> Es uno de los derechos esenciales que promueve la Ley de Comunicación Audiovisual para que la información llegue a todos.</div><div><a href="https://www.youtube.com/watch?v=eWf0Od_0T5I" target="_blank" rel="noopener">https://www.youtube.com/watch?v=eWf0Od_0T5I</a></div><div> </div><div><b>Spot: «Participación, ejercicio de derechos y oportunidades» </b>Preceptos de la Convención que aseguran la igualdad y la accesibilidad.</div><div><a href="https://www.youtube.com/watch?v=koI0c5P-sYc" target="_blank" rel="noopener">https://www.youtube.com/watch?v=koI0c5P-sYc</a></div><div> </div><div><b>Spot: «Derecho a la solidaridad» </b>Promueve la solidaridad y la empatía, en lugar de indiferencia y marginación.</div><div><a href="https://www.youtube.com/watch?v=YvPsCQ8BXPM" target="_blank" rel="noopener">https://www.youtube.com/watch?v=YvPsCQ8BXPM</a></div><div> </div><div><b>Spot: Derecho a vivir una vida independiente y a ser incluido en la comunidad. </b>Las personas con discapacidad deben poder gestionar su propia vida en la sociedad.</div><div><a href="https://www.youtube.com/watch?v=Z6DRE942cq4" target="_blank" rel="noopener">https://www.youtube.com/watch?v=Z6DRE942cq4</a></div><div> </div><div><b>Spot: Institucional de la Asociación Civil Grupo Inca</b></div><div><a href="https://www.youtube.com/watch?v=q9RUnd4RqdY" target="_blank" rel="noopener">https://www.youtube.com/watch?v=q9RUnd4RqdY</a></div><div> </div><p style="font-weight: 400;">Audiovisual accesible con fines informativos producido por ésta Área de Accesibilidad. Realizado de acuerdo al Proyecto de Accesibilidad <strong>“Servicios Audiovisuales Accesibles”</strong>, Res. 121/2019 <a href="https://drive.google.com/file/d/1pcFh3wHwGOnD4ajV2HOOuw5X_wSA5ama/view?usp=sharing">https://drive.google.com/file/d/1pcFh3wHwGOnD4ajV2HOOuw5X_wSA5ama/view?usp=sharing</a> </p><p style="font-weight: 400;"> </p>								</div>
				</div>
					</div>
		</div>
					</div>
		</section>
				</div>

<p>Producciones audiovisuales Producciones audiovisuales acerca de la discapacidad y la accesibilidad: Este espacio tiene la finalidad de visibilizar y sensibilizar a la comunidad acerca de la temática, fueron realizadas por la Asociación Civil Grupo Inca, producto de la presentación a concursos y convocatorias del Fondo Nacional de las Artes y campañas de bien público de [&hellip;]</p>
