{"id":27858,"date":"2026-04-09T11:31:53","date_gmt":"2026-04-09T14:31:53","guid":{"rendered":"https:\/\/fadeweb.uncoma.edu.ar\/?page_id=27858"},"modified":"2026-04-16T13:03:18","modified_gmt":"2026-04-16T16:03:18","slug":"elecciones-unco-2026","status":"publish","type":"page","link":"https:\/\/fadeweb.uncoma.edu.ar\/index.php\/elecciones-unco-2026\/","title":{"rendered":"ELECCIONES UNCo 2026"},"content":{"rendered":"\t\t<div data-elementor-type=\"wp-page\" data-elementor-id=\"27858\" class=\"elementor elementor-27858\" data-elementor-post-type=\"page\">\n\t\t\t\t\t\t<section class=\"elementor-section elementor-top-section elementor-element elementor-element-09e7db5 elementor-section-boxed elementor-section-height-default elementor-section-height-default\" data-id=\"09e7db5\" data-element_type=\"section\" data-e-type=\"section\">\n\t\t\t\t\t\t<div class=\"elementor-container elementor-column-gap-default\">\n\t\t\t\t\t<div class=\"elementor-column elementor-col-100 elementor-top-column elementor-element elementor-element-5961038\" data-id=\"5961038\" data-element_type=\"column\" data-e-type=\"column\">\n\t\t\t<div class=\"elementor-widget-wrap elementor-element-populated\">\n\t\t\t\t\t\t<section class=\"elementor-section elementor-inner-section elementor-element elementor-element-dd3ac27 elementor-section-boxed elementor-section-height-default elementor-section-height-default\" data-id=\"dd3ac27\" data-element_type=\"section\" data-e-type=\"section\">\n\t\t\t\t\t\t<div class=\"elementor-container elementor-column-gap-default\">\n\t\t\t\t\t<div class=\"elementor-column elementor-col-50 elementor-inner-column elementor-element elementor-element-01755aa\" data-id=\"01755aa\" data-element_type=\"column\" data-e-type=\"column\">\n\t\t\t<div class=\"elementor-widget-wrap elementor-element-populated\">\n\t\t\t\t\t\t<div class=\"elementor-element elementor-element-6ba27a9 elementor-widget elementor-widget-text-editor\" data-id=\"6ba27a9\" data-element_type=\"widget\" data-e-type=\"widget\" data-widget_type=\"text-editor.default\">\n\t\t\t\t<div class=\"elementor-widget-container\">\n\t\t\t\t\t\t\t\t\t<h1><span style=\"color: #1187d1;\"><img fetchpriority=\"high\" decoding=\"async\" class=\"alignnone wp-image-27860\" src=\"https:\/\/fadeweb.uncoma.edu.ar\/wp-content\/uploads\/2026\/04\/BANNER-ELECCIONES-2026-300x71.jpg\" alt=\"ELECCIONES UNCo 2026\" width=\"592\" height=\"140\" srcset=\"https:\/\/fadeweb.uncoma.edu.ar\/wp-content\/uploads\/2026\/04\/BANNER-ELECCIONES-2026-300x71.jpg 300w, https:\/\/fadeweb.uncoma.edu.ar\/wp-content\/uploads\/2026\/04\/BANNER-ELECCIONES-2026-1024x243.jpg 1024w, https:\/\/fadeweb.uncoma.edu.ar\/wp-content\/uploads\/2026\/04\/BANNER-ELECCIONES-2026-768x182.jpg 768w, https:\/\/fadeweb.uncoma.edu.ar\/wp-content\/uploads\/2026\/04\/BANNER-ELECCIONES-2026-1536x365.jpg 1536w, https:\/\/fadeweb.uncoma.edu.ar\/wp-content\/uploads\/2026\/04\/BANNER-ELECCIONES-2026.jpg 2000w\" sizes=\"(max-width: 592px) 100vw, 592px\" \/><\/span><\/h1><h3>\u00bfQu\u00e9 se elige?<\/h3><p>Rector\/a-Vicerrector\/a, Decano\/a-Vicedecano\/a, consejeros\/as directivos, consejeros\/as superiores de los claustros Docentes \u2013 Nodocentes \u2013 Estudiantes \u2013 Graduados\/as<\/p><h3>\u00bfQui\u00e9nes votan?<\/h3><p><strong>DOCENTES:<\/strong> de las categor\u00edas de Profesor\/a Titular, Profesor\/a Asociado\/a, Profesor\/a Adjunto\/a, Jefe\/a de Trabajos Pr\u00e1cticos y Ayudante, que sean regulares o tengan otra condici\u00f3n de revista; todo ello de acuerdo con lo establecido en el art\u00edculo 111 inciso a) del Estatuto de la Universidad Nacional del Comahue.<\/p><p><strong>NODOCENTES:<\/strong> todo el personal de planta permanente que tengan un (1) a\u00f1o de antig\u00fcedad como trabajadoras y trabajadores de la Universidad Nacional del Comahue.<\/p><p><strong>ESTUDIANTES:<\/strong> regulares de una carrera universitaria de la Universidad Nacional del Comahue que tengan un (1) cuatrimestre de antig\u00fcedad en la inscripci\u00f3n, en un todo de acuerdo con lo dispuesto en el art\u00edculo 111, inciso c) del Estatuto de la Universidad Nacional del Comahue.<\/p><p><strong>PERSONAS GRADUADAS:<\/strong> las personas egresadas de las distintas unidades acad\u00e9micas que hayan obtenido su diploma habilitante de carrera universitaria (pregrado, grado y\/o posgrado) expedido por la Universidad Nacional del Comahue, que no tengan vinculaci\u00f3n laboral con la misma.<\/p><hr \/><p><a href=\"https:\/\/fadeweb.uncoma.edu.ar\/wp-content\/uploads\/2026\/04\/NUEVO-REGLAMENTO-ELECCIONES-ord_1097_2025_55.pdf\">NUEVO REGLAMENTO ELECCIONES ord_1097_2025_55<\/a><\/p><hr \/><h3>CIERRA PLAZO PARA IMPUGNACI\u00d3N DE PADRONES PROVISORIOS DE LA FADECS<\/h3><p>El Consejo Directivo de la FADECS-UNCo informa que <strong>el viernes 17 de abril de 2026 a las 16 cierra el plazo para la impugnaci\u00f3n de padrones provisorios<\/strong> de la FADECS (Ordenanza Rectoral N\u00ba1119\/2026). La misma podr\u00e1 formularse por escrito ante la Junta Electoral (art. 25, ordenanza 1097\/25).<\/p><p>La oficializaci\u00f3n de padrones ser\u00e1 el 22 de abril de 2026. La presentaci\u00f3n de f\u00f3rmulas y listas de candidatos\/as cierra el 24 de abril de 2026 a las 16, conforme a los requisitos establecidos por la ordenanza 1097\/2025.<\/p><p>En tanto que la exhibici\u00f3n de f\u00f3rmulas y listas de candidatos\/as ser\u00e1 del 27 al 30 de abril de 2026 (4 d\u00edas h\u00e1biles). Las impugnaciones podr\u00e1n formularse por escrito ante la Junta Electoral (art. 42, ordenanza 1097\/25) el 4 y 5 de mayo hasta las 16 (2 d\u00edas h\u00e1biles).<\/p><h3><img decoding=\"async\" class=\"alignnone wp-image-27865\" src=\"https:\/\/fadeweb.uncoma.edu.ar\/wp-content\/uploads\/2026\/04\/PADRONES-provisorios-2026-banner-300x71.jpg\" alt=\"PADRONES PROVISORIOS DE LA FADECS\" width=\"589\" height=\"140\" srcset=\"https:\/\/fadeweb.uncoma.edu.ar\/wp-content\/uploads\/2026\/04\/PADRONES-provisorios-2026-banner-300x71.jpg 300w, https:\/\/fadeweb.uncoma.edu.ar\/wp-content\/uploads\/2026\/04\/PADRONES-provisorios-2026-banner-1024x243.jpg 1024w, https:\/\/fadeweb.uncoma.edu.ar\/wp-content\/uploads\/2026\/04\/PADRONES-provisorios-2026-banner-768x182.jpg 768w, https:\/\/fadeweb.uncoma.edu.ar\/wp-content\/uploads\/2026\/04\/PADRONES-provisorios-2026-banner-1536x365.jpg 1536w, https:\/\/fadeweb.uncoma.edu.ar\/wp-content\/uploads\/2026\/04\/PADRONES-provisorios-2026-banner.jpg 2000w\" sizes=\"(max-width: 589px) 100vw, 589px\" \/><\/h3><p>El Consejo Directivo de la FADECS-UNCo informa los padrones provisorios de nuestra unidad acad\u00e9mica (<a href=\"https:\/\/fadeweb.uncoma.edu.ar\/wp-content\/uploads\/2026\/04\/Calendario-Electoral-Ord_1119_2026_dig.pdf\">Ordenanza Rectoral N\u00ba1119\/2026<\/a>).<br \/>La impugnaci\u00f3n de padrones se podr\u00e1 realizar del 14 al 17 de abril de 2026, hasta las 16 (4 d\u00edas h\u00e1biles). Deber\u00e1 formularse por escrito ante la Junta Electoral ( art. 25, ordenanza 1097\/25). La oficializaci\u00f3n de padrones ser\u00e1 el 22 de abril de 2026.<\/p><p><a href=\"https:\/\/fadeweb.uncoma.edu.ar\/wp-content\/uploads\/2026\/04\/DOCENTES-FADE-GRO-2026.pdf\">DOCENTES-FADE GRO 2026<\/a><\/p><p><a href=\"https:\/\/fadeweb.uncoma.edu.ar\/wp-content\/uploads\/2026\/04\/DOCENTES-FADE-NQN-2026.pdf\">DOCENTES-FADE NQN 2026<\/a><\/p><p><a href=\"https:\/\/fadeweb.uncoma.edu.ar\/wp-content\/uploads\/2026\/04\/ESTUDIANTES-FADE-NQN-2026.pdf\">ESTUDIANTES-FADE NQN 2026<\/a><\/p><p><a href=\"https:\/\/fadeweb.uncoma.edu.ar\/wp-content\/uploads\/2026\/04\/ESTUDIANTES-FADE-ROCA-2026-1.pdf\">ESTUDIANTES-FADE ROCA 2026 (1)<\/a><\/p><p><a href=\"https:\/\/fadeweb.uncoma.edu.ar\/wp-content\/uploads\/2026\/04\/GRADUADOS-NQN-FADE-2026.pdf\">GRADUADOS NQN-FADE 2026<\/a><\/p><p><a href=\"https:\/\/fadeweb.uncoma.edu.ar\/wp-content\/uploads\/2026\/04\/GRADUADOS-ROCA-FADE-2026.pdf\">GRADUADOS ROCA-FADE 2026<\/a><\/p><p><a href=\"https:\/\/fadeweb.uncoma.edu.ar\/wp-content\/uploads\/2026\/04\/NO-DOCENTE-FADE-2026.pdf\">NO DOCENTE FADE 2026<\/a><\/p><hr \/>\t\t\t\t\t\t\t\t<\/div>\n\t\t\t\t<\/div>\n\t\t\t\t\t<\/div>\n\t\t<\/div>\n\t\t\t\t<div class=\"elementor-column elementor-col-50 elementor-inner-column elementor-element elementor-element-8e31581\" data-id=\"8e31581\" data-element_type=\"column\" data-e-type=\"column\">\n\t\t\t<div class=\"elementor-widget-wrap elementor-element-populated\">\n\t\t\t\t\t\t<div class=\"elementor-element elementor-element-16006fa elementor-widget elementor-widget-text-editor\" data-id=\"16006fa\" data-element_type=\"widget\" data-e-type=\"widget\" data-widget_type=\"text-editor.default\">\n\t\t\t\t<div class=\"elementor-widget-container\">\n\t\t\t\t\t\t\t\t\t<h3>CALENDARIO ELECTORAL A\u00d1O 2026<\/h3><table dir=\"ltr\" border=\"1\" cellspacing=\"0\" cellpadding=\"0\" data-sheets-root=\"1\" data-sheets-baot=\"1\" data-sheets-original-selection=\"A2:B23\" data-sheets-named-table-range=\"A2:B23\" data-sheets-named-table=\"{&quot;1&quot;:{&quot;1&quot;:{&quot;1&quot;:{&quot;4&quot;:{&quot;1&quot;:2,&quot;2&quot;:21661}},&quot;2&quot;:{&quot;4&quot;:{&quot;1&quot;:2,&quot;2&quot;:16777215}},&quot;3&quot;:1,&quot;4&quot;:{&quot;4&quot;:{&quot;1&quot;:2,&quot;2&quot;:13624051}},&quot;5&quot;:1}},&quot;2&quot;:&quot;Tabla_1&quot;,&quot;3&quot;:[{&quot;1&quot;:0,&quot;2&quot;:1,&quot;3&quot;:{&quot;2&quot;:2},&quot;4&quot;:2}],&quot;5&quot;:{&quot;1&quot;:62,&quot;3&quot;:1,&quot;4&quot;:1,&quot;5&quot;:0,&quot;6&quot;:0,&quot;7&quot;:0}}\"><colgroup> <col width=\"340\" \/> <col width=\"366\" \/><\/colgroup><tbody><tr><td><strong>Actividad<\/strong><\/td><td><strong>Fecha<\/strong><\/td><\/tr><tr><td>Cierre de padrones<\/td><td>31 de marzo de 2026<\/td><\/tr><tr><td>Presentaci\u00f3n Padrones ante la Junta Electoral<\/td><td>06 de abril de 2026<\/td><\/tr><tr><td>Exhibici\u00f3n de padrones (en las unidades acad\u00e9micas, 5 d\u00edas h\u00e1biles)<\/td><td>06 al 13 de abril de 2026<\/td><\/tr><tr><td>Impugnaci\u00f3n de padrones<\/td><td>14 al 17 de abril de 2026<br \/>(hasta 16 hs., 4 d\u00edas h\u00e1biles)<\/td><\/tr><tr><td>Oficializaci\u00f3n de padrones<\/td><td>22 de abril de 2026<\/td><\/tr><tr><td>Presentaci\u00f3n de f\u00f3rmulas y listas de candidatos\/as<\/td><td>24 de abril de 2026 (hasta 16 hs.)<\/td><\/tr><tr><td>Exhibici\u00f3n de f\u00f3rmulas y listas de candidatos\/as (4 d\u00edas h\u00e1biles)<\/td><td>27 al 30 de abril de 2026<\/td><\/tr><tr><td>Impugnaci\u00f3n de f\u00f3rmulas y listas de candidatos\/as<\/td><td>04 y 05 de mayo de 2026 (hasta 16 hs., 2 d\u00edas h\u00e1biles)<\/td><\/tr><tr><td>Oficializaci\u00f3n de f\u00f3rmulas y listas de candidatos\/as<\/td><td>11 de mayo de 2026<\/td><\/tr><tr><td>Acto electoral (unidades con sistema semipresencial)<\/td><td>23 de mayo de 2026<br \/>de 10 a 17 hs.<\/td><\/tr><tr><td>Acto Electoral<\/td><td>26 y 27 de mayo de 2026<br \/>(de 10 a 20 hs.)<\/td><\/tr><tr><td>Escrutinio provisorio (todas las unidades acad\u00e9micas)<\/td><td>27 de mayo de 2026<br \/>a partir de las 20 hs<\/td><\/tr><tr><td>Escrutinio definitivo<\/td><td>01 de junio de 2026<br \/>(a partir de las 10 hs.)<\/td><\/tr><tr><td>Proclamaci\u00f3n (Rector\/a-Vicerrector\/a, Decano\/a-Vicedecano\/a, consejeros\/as directivos y superiores)<\/td><td>10 de junio de 2026<br \/>a partir de las 13 hs<\/td><\/tr><tr><td>Asunci\u00f3n de consejeros\/as directivos y superiores<\/td><td>12 de junio de 2026<\/td><\/tr><tr><td>Asunci\u00f3n de Rector\/a-Vicerrector\/a<\/td><td>12 de junio de 2026<\/td><\/tr><tr><td>Acto electoral (si no hay mayor\u00eda absoluta, de 10 a 20 hs.)<\/td><td>16 y 17 de junio de 2026<\/td><\/tr><tr><td>Escrutinio provisorio (todas las unidades y claustros, a partir de las 20 hs.)<\/td><td>17 de junio de 2026<\/td><\/tr><tr><td>Escrutinio definitivo (a partir de las 9 hs.)<\/td><td>22 de junio de 2026<\/td><\/tr><tr><td>Proclamaci\u00f3n (Rector\/a-Vicerrector\/a, Decano\/a-Vicedecano\/a, a partir de las 13 hs.)<\/td><td>24 de junio de 2026<\/td><\/tr><tr><td>Asunci\u00f3n de Rector\/a-Vicerrector\/a<\/td><td>25 de junio de 2026<\/td><\/tr><\/tbody><\/table>\t\t\t\t\t\t\t\t<\/div>\n\t\t\t\t<\/div>\n\t\t\t\t\t<\/div>\n\t\t<\/div>\n\t\t\t\t\t<\/div>\n\t\t<\/section>\n\t\t\t\t\t<\/div>\n\t\t<\/div>\n\t\t\t\t\t<\/div>\n\t\t<\/section>\n\t\t\t\t<\/div>\n\t\t","protected":false},"excerpt":{"rendered":"<p>\u00bfQu\u00e9 se elige? Rector\/a-Vicerrector\/a, Decano\/a-Vicedecano\/a, consejeros\/as directivos, consejeros\/as superiores de los claustros Docentes \u2013 Nodocentes \u2013 Estudiantes \u2013 Graduados\/as \u00bfQui\u00e9nes votan? DOCENTES: de las categor\u00edas de Profesor\/a Titular, Profesor\/a Asociado\/a, Profesor\/a Adjunto\/a, Jefe\/a de Trabajos Pr\u00e1cticos y Ayudante, que sean regulares o tengan otra condici\u00f3n de revista; todo ello de acuerdo con lo establecido en [&hellip;]<\/p>\n","protected":false},"author":4,"featured_media":0,"parent":0,"menu_order":0,"comment_status":"closed","ping_status":"closed","template":"","meta":{"footnotes":""},"class_list":["post-27858","page","type-page","status-publish","hentry"],"_links":{"self":[{"href":"https:\/\/fadeweb.uncoma.edu.ar\/index.php\/wp-json\/wp\/v2\/pages\/27858","targetHints":{"allow":["GET"]}}],"collection":[{"href":"https:\/\/fadeweb.uncoma.edu.ar\/index.php\/wp-json\/wp\/v2\/pages"}],"about":[{"href":"https:\/\/fadeweb.uncoma.edu.ar\/index.php\/wp-json\/wp\/v2\/types\/page"}],"author":[{"embeddable":true,"href":"https:\/\/fadeweb.uncoma.edu.ar\/index.php\/wp-json\/wp\/v2\/users\/4"}],"replies":[{"embeddable":true,"href":"https:\/\/fadeweb.uncoma.edu.ar\/index.php\/wp-json\/wp\/v2\/comments?post=27858"}],"version-history":[{"count":15,"href":"https:\/\/fadeweb.uncoma.edu.ar\/index.php\/wp-json\/wp\/v2\/pages\/27858\/revisions"}],"predecessor-version":[{"id":27951,"href":"https:\/\/fadeweb.uncoma.edu.ar\/index.php\/wp-json\/wp\/v2\/pages\/27858\/revisions\/27951"}],"wp:attachment":[{"href":"https:\/\/fadeweb.uncoma.edu.ar\/index.php\/wp-json\/wp\/v2\/media?parent=27858"}],"curies":[{"name":"wp","href":"https:\/\/api.w.org\/{rel}","templated":true}]}}