{"id":20260,"date":"2024-04-09T12:07:10","date_gmt":"2024-04-09T15:07:10","guid":{"rendered":"https:\/\/fadeweb.uncoma.edu.ar\/?page_id=20260"},"modified":"2024-06-10T07:07:47","modified_gmt":"2024-06-10T10:07:47","slug":"elecciones-2024","status":"publish","type":"page","link":"https:\/\/fadeweb.uncoma.edu.ar\/index.php\/elecciones-2024\/","title":{"rendered":"ELECCIONES 2024"},"content":{"rendered":"\t\t<div data-elementor-type=\"wp-page\" data-elementor-id=\"20260\" class=\"elementor elementor-20260\" data-elementor-post-type=\"page\">\n\t\t\t\t\t\t<section class=\"elementor-section elementor-top-section elementor-element elementor-element-fe4c2a3 elementor-section-boxed elementor-section-height-default elementor-section-height-default\" data-id=\"fe4c2a3\" data-element_type=\"section\" data-e-type=\"section\">\n\t\t\t\t\t\t<div class=\"elementor-container elementor-column-gap-default\">\n\t\t\t\t\t<div class=\"elementor-column elementor-col-50 elementor-top-column elementor-element elementor-element-d8a68d6\" data-id=\"d8a68d6\" data-element_type=\"column\" data-e-type=\"column\">\n\t\t\t<div class=\"elementor-widget-wrap elementor-element-populated\">\n\t\t\t\t\t\t<div class=\"elementor-element elementor-element-9c59815 elementor-widget elementor-widget-text-editor\" data-id=\"9c59815\" data-element_type=\"widget\" data-e-type=\"widget\" data-widget_type=\"text-editor.default\">\n\t\t\t\t<div class=\"elementor-widget-container\">\n\t\t\t\t\t\t\t\t\t<h2>\u00bfQu\u00e9 se elige?<\/h2><p><strong>Consejeros\/as Directivos\/as y Superiores de los claustros<\/strong><\/p><p><strong>Estudiantes \u2013 Graduados\/as \u2013 Nodocentes<\/strong><\/p><p>\u00a0<\/p><h2>\u00bfQui\u00e9nes votan?<\/h2><p><strong>ESTUDIANTES:<\/strong>\u00a0Los requisitos para integrar el padr\u00f3n de electores 2024 son: Ser estudiante activo durante el a\u00f1o 2023 y haberse re inscripto para el ciclo 2024.<\/p><p><strong>PERSONAS GRADUADAS<\/strong>: Personas egresadas de las distintas unidades acad\u00e9micas que hayan obtenido su diploma por la UNCo y que no tengan vinculaci\u00f3n laboral con la misma.<\/p><p>Pueden ser electores en las unidades acad\u00e9micas correspondientes a su carrera universitaria, personas graduadas de otras universidades nacionales con iguales y\/o equivalentes t\u00edtulos a los de la UNCo que acrediten actividad profesional no menor de dos (2) a\u00f1os en el \u00e1mbito cultural de la UNCo, y que no tengan relaci\u00f3n laboral con la Universidad.<\/p><p><strong>NODOCENTES<\/strong>: Todo el personal no docente de planta permanente que tenga un (1) a\u00f1o de antig\u00fcedad en la UNCo. y aquellos que est\u00e9n en uso de licencia sin goce de haberes, pero se encuentren realizando tareas acad\u00e9micas o institucionales dentro del \u00e1mbito de la UNCo.<\/p>\t\t\t\t\t\t\t\t<\/div>\n\t\t\t\t<\/div>\n\t\t\t\t\t<\/div>\n\t\t<\/div>\n\t\t\t\t<div class=\"elementor-column elementor-col-50 elementor-top-column elementor-element elementor-element-58556e3\" data-id=\"58556e3\" data-element_type=\"column\" data-e-type=\"column\">\n\t\t\t<div class=\"elementor-widget-wrap elementor-element-populated\">\n\t\t\t\t\t\t<div class=\"elementor-element elementor-element-66a0e29 elementor-widget elementor-widget-text-editor\" data-id=\"66a0e29\" data-element_type=\"widget\" data-e-type=\"widget\" data-widget_type=\"text-editor.default\">\n\t\t\t\t<div class=\"elementor-widget-container\">\n\t\t\t\t\t\t\t\t\t<h2><span style=\"color: #ff6600;\">CALENDARIO ELECTORAL 2024<\/span><\/h2><p>Cierre de padrones: <strong>31 de marzo de 2024<\/strong><\/p><hr \/><p>Exhibici\u00f3n de padrones en las Unidades Acad\u00e9micas: <strong>del 08 al 12 de abril (5 d\u00edas h\u00e1biles)<\/strong><\/p><hr \/><p>Impugnaci\u00f3n de padrones: <strong>15 al 17 de abril, hasta las 20 hs (3 d\u00edas h\u00e1biles)<\/strong><\/p><hr \/><p>Oficializaci\u00f3n de padrones:\u00a0 <strong>18 de abril de 2024<\/strong><\/p><hr \/><p>Presentaci\u00f3n de listas de candidatos\/as: <strong>2 de mayo, hasta las 20 hs<\/strong><\/p><hr \/><p>Exhibici\u00f3n de listas de candidatos\/as: <strong>6 al 9 de mayo de 2022 (4 d\u00edas h\u00e1biles)<\/strong><\/p><hr \/><p>Impugnaci\u00f3n de listas de candidatos\/as: <strong>10 y 13 de mayo hasta las 20 hs <\/strong><strong>(2 d\u00edas h\u00e1biles)<\/strong><\/p><hr \/><p>Oficializaci\u00f3n de lista de candidatos\/as: <strong>17 de mayo de 2022<\/strong><\/p><hr \/><h2><strong>ACTO ELECTORAL: 10 y 11 de JUNIO de 10 a 20 HS.<\/strong><\/h2>\t\t\t\t\t\t\t\t<\/div>\n\t\t\t\t<\/div>\n\t\t\t\t\t<\/div>\n\t\t<\/div>\n\t\t\t\t\t<\/div>\n\t\t<\/section>\n\t\t\t\t<section class=\"elementor-section elementor-top-section elementor-element elementor-element-6ae1c09 elementor-section-boxed elementor-section-height-default elementor-section-height-default\" data-id=\"6ae1c09\" data-element_type=\"section\" data-e-type=\"section\">\n\t\t\t\t\t\t<div class=\"elementor-container elementor-column-gap-default\">\n\t\t\t\t\t<div class=\"elementor-column elementor-col-100 elementor-top-column elementor-element elementor-element-67f3ff9\" data-id=\"67f3ff9\" data-element_type=\"column\" data-e-type=\"column\">\n\t\t\t<div class=\"elementor-widget-wrap elementor-element-populated\">\n\t\t\t\t\t\t<div class=\"elementor-element elementor-element-a7c2436 elementor-widget elementor-widget-heading\" data-id=\"a7c2436\" data-element_type=\"widget\" data-e-type=\"widget\" data-widget_type=\"heading.default\">\n\t\t\t\t<div class=\"elementor-widget-container\">\n\t\t\t\t\t<h2 class=\"elementor-heading-title elementor-size-default\">Listas oficializadas Consejo Directivo<\/h2>\t\t\t\t<\/div>\n\t\t\t\t<\/div>\n\t\t\t\t<div class=\"elementor-element elementor-element-484f19c elementor-widget elementor-widget-text-editor\" data-id=\"484f19c\" data-element_type=\"widget\" data-e-type=\"widget\" data-widget_type=\"text-editor.default\">\n\t\t\t\t<div class=\"elementor-widget-container\">\n\t\t\t\t\t\t\t\t\t<h2>Claustro Estudiantes<\/h2><p><a href=\"https:\/\/fadeweb.uncoma.edu.ar\/wp-content\/uploads\/2024\/05\/CD-EST-Frentedeizquierda-LISTA4.pdf\">LISTA 4 Frente de izquierda<\/a><\/p><p><a href=\"https:\/\/fadeweb.uncoma.edu.ar\/wp-content\/uploads\/2024\/05\/CD-EST-MILESindependientes-LISTA18.pdf\">LISTA 18 MILES + independientes<\/a><\/p><p><a href=\"https:\/\/fadeweb.uncoma.edu.ar\/wp-content\/uploads\/2024\/05\/CD-EST-ElColectivo-LISTA23.pdf\">LISTA 23 El Colectivo<\/a><\/p><h2>Claustro Personas Graduadas<\/h2><p><a href=\"https:\/\/fadeweb.uncoma.edu.ar\/wp-content\/uploads\/2024\/05\/CD-GRAD-RecuperacionAcad-LISTA6.pdf\">LISTA 6 Recuperaci\u00f3n Acad\u00e9mica<\/a><\/p><p><a href=\"https:\/\/fadeweb.uncoma.edu.ar\/wp-content\/uploads\/2024\/05\/CD-GRAD-TransformemosFADECS-LISTA15.pdf\">LISTA 15 Transformemos FADECS<\/a><\/p><h2>Claustro Nodocentes<\/h2><p><a href=\"https:\/\/fadeweb.uncoma.edu.ar\/wp-content\/uploads\/2024\/05\/CD-NODO-Perfilnodocente-LISTA16.pdf\">LISTA 16 Perfil nodocente<\/a><\/p><p><a href=\"https:\/\/fadeweb.uncoma.edu.ar\/wp-content\/uploads\/2024\/05\/CD-NODO-Convergencia-nodocente-LISTA17.pdf\">LISTA 17 Convergencia nodocente<\/a><\/p><p><a href=\"https:\/\/fadeweb.uncoma.edu.ar\/wp-content\/uploads\/2024\/05\/CD-NODO-Desafio-Nodocente-LISTA18_9.pdf\">LISTA 18 Desafio Nodocente<\/a><\/p>\t\t\t\t\t\t\t\t<\/div>\n\t\t\t\t<\/div>\n\t\t\t\t<div class=\"elementor-element elementor-element-7d0d130 elementor-widget elementor-widget-heading\" data-id=\"7d0d130\" data-element_type=\"widget\" data-e-type=\"widget\" data-widget_type=\"heading.default\">\n\t\t\t\t<div class=\"elementor-widget-container\">\n\t\t\t\t\t<h2 class=\"elementor-heading-title elementor-size-default\">Listas oficializadas Consejo Superior<\/h2>\t\t\t\t<\/div>\n\t\t\t\t<\/div>\n\t\t\t\t<div class=\"elementor-element elementor-element-b39e2e9 elementor-widget elementor-widget-text-editor\" data-id=\"b39e2e9\" data-element_type=\"widget\" data-e-type=\"widget\" data-widget_type=\"text-editor.default\">\n\t\t\t\t<div class=\"elementor-widget-container\">\n\t\t\t\t\t\t\t\t\t<h2>Claustro Estudiantes<\/h2><p><a href=\"https:\/\/fadeweb.uncoma.edu.ar\/wp-content\/uploads\/2024\/05\/CS-EST-LISTA1UnidadPatag-23abril.pdf\">LISTA 1 Unidad Patag\u00f3nica 23 de abril<\/a><\/p><p><a href=\"https:\/\/fadeweb.uncoma.edu.ar\/wp-content\/uploads\/2024\/05\/CS-EST-LISTA2FrenteIzqIndep.pdf\">LISTA 2 Frente de Izquierda Unidad + Independientes<\/a><\/p><p><a href=\"https:\/\/fadeweb.uncoma.edu.ar\/wp-content\/uploads\/2024\/05\/CS-EST-LISTA3EncuentroComahue.pdf\">LISTA 3 Encuentro Comahue<\/a><\/p><p><a href=\"https:\/\/fadeweb.uncoma.edu.ar\/wp-content\/uploads\/2024\/05\/CS-EST-LISTA4LaMella.pdf\">LISTA 4 La Mella<\/a><\/p><p><a href=\"https:\/\/fadeweb.uncoma.edu.ar\/wp-content\/uploads\/2024\/05\/CS-EST-LISTA5LaFelipe.pdf\">LISTA 5 La Felipe &#8211; Agrupacion Universitaria + Independientes<\/a><\/p><p><a href=\"https:\/\/fadeweb.uncoma.edu.ar\/wp-content\/uploads\/2024\/05\/CS-EST-LISTA6.pdf\">LISTA 6 CEPA + Independientes<\/a><\/p><h2>Claustro Personas Graduadas<\/h2><p><a href=\"https:\/\/fadeweb.uncoma.edu.ar\/wp-content\/uploads\/2024\/05\/CD-GRAD-LISTA-1_20ConvergenciadeGraduados.pdf\">LISTA 1 Convergencia de Personas Graduadas<\/a><\/p><p><a href=\"https:\/\/fadeweb.uncoma.edu.ar\/wp-content\/uploads\/2024\/05\/CS-GRAD-LISTA-2_19EndefensadelaUNCo.pdf\">LISTA 2 En defensa de la UNCo<\/a><\/p><p><a href=\"https:\/\/fadeweb.uncoma.edu.ar\/wp-content\/uploads\/2024\/05\/CS-GRAD-LISTA-3_18PrimeroComahue.pdf\">LISTA 3 Primero Comahue<\/a><\/p><h2>Claustro Nodocentes<\/h2><p><a href=\"https:\/\/fadeweb.uncoma.edu.ar\/wp-content\/uploads\/2024\/05\/CS-NODO-LISTA1_14UNIT.pdf\">LISTA 1 UNIT &#8211; Unidad Independiente de Trabajadores Nodocentes<\/a><\/p><p><a href=\"https:\/\/fadeweb.uncoma.edu.ar\/wp-content\/uploads\/2024\/05\/CS-NODO-LISTA-2_12ReuncoIndep.pdf\">LISTA 2 Reunco + Independientes<\/a><\/p><p><a href=\"https:\/\/fadeweb.uncoma.edu.ar\/wp-content\/uploads\/2024\/05\/CS-NODO-LISTA3_15100Nodocentes.pdf\">LISTA 3 100% Nodocentes<\/a><\/p><p><a href=\"https:\/\/fadeweb.uncoma.edu.ar\/wp-content\/uploads\/2024\/05\/CS-NODO-LISTA4_13FrenteUnidadComahue.pdf\">LISTA 4 Frente Unidad Comahue<\/a><\/p>\t\t\t\t\t\t\t\t<\/div>\n\t\t\t\t<\/div>\n\t\t\t\t\t<\/div>\n\t\t<\/div>\n\t\t\t\t\t<\/div>\n\t\t<\/section>\n\t\t\t\t<section class=\"elementor-section elementor-top-section elementor-element elementor-element-dd51b41 elementor-section-boxed elementor-section-height-default elementor-section-height-default\" data-id=\"dd51b41\" data-element_type=\"section\" data-e-type=\"section\">\n\t\t\t\t\t\t<div class=\"elementor-container elementor-column-gap-default\">\n\t\t\t\t\t<div class=\"elementor-column elementor-col-100 elementor-top-column elementor-element elementor-element-739811a\" data-id=\"739811a\" data-element_type=\"column\" data-e-type=\"column\">\n\t\t\t<div class=\"elementor-widget-wrap elementor-element-populated\">\n\t\t\t\t\t\t<div class=\"elementor-element elementor-element-28040c6 elementor-widget elementor-widget-text-editor\" data-id=\"28040c6\" data-element_type=\"widget\" data-e-type=\"widget\" data-widget_type=\"text-editor.default\">\n\t\t\t\t<div class=\"elementor-widget-container\">\n\t\t\t\t\t\t\t\t\t<h2>PADRONES<\/h2><p><a href=\"https:\/\/fadeweb.uncoma.edu.ar\/wp-content\/uploads\/2024\/04\/FADE-NQN-ESTUDIANTES.pdf\">FADE-estudiantes Nqn 2024<\/a><\/p><hr \/><p><a href=\"https:\/\/fadeweb.uncoma.edu.ar\/wp-content\/uploads\/2024\/04\/FADE-GRO-ESTUDIANTES.pdf\">FADE-estudiantes ROCA 2024<\/a><\/p><hr \/><p><a href=\"https:\/\/fadeweb.uncoma.edu.ar\/wp-content\/uploads\/2024\/04\/FADE-NQN-GRADUADOS.pdf\">FADE-Graduado Neuqu\u00e9n 2024<\/a><\/p><hr \/><p><a href=\"https:\/\/fadeweb.uncoma.edu.ar\/wp-content\/uploads\/2024\/04\/FADE-GRO-GRADUADOS.pdf\">FADE-Graduado ROCA 2024<\/a><\/p><hr \/><p><a href=\"https:\/\/fadeweb.uncoma.edu.ar\/wp-content\/uploads\/2024\/04\/FADE-NODOCENTE.pdf\">FADE-No docente 2024<\/a><\/p><hr \/><p><a href=\"https:\/\/fadeweb.uncoma.edu.ar\/wp-content\/uploads\/2024\/04\/Ord_0483_2024_Calendario-Electoral.pdf\">Ord_0483_2024_Calendario Electoral<\/a><\/p>\t\t\t\t\t\t\t\t<\/div>\n\t\t\t\t<\/div>\n\t\t\t\t\t<\/div>\n\t\t<\/div>\n\t\t\t\t\t<\/div>\n\t\t<\/section>\n\t\t\t\t<\/div>\n\t\t","protected":false},"excerpt":{"rendered":"<p>\u00bfQu\u00e9 se elige? Consejeros\/as Directivos\/as y Superiores de los claustros Estudiantes \u2013 Graduados\/as \u2013 Nodocentes \u00a0 \u00bfQui\u00e9nes votan? ESTUDIANTES:\u00a0Los requisitos para integrar el padr\u00f3n de electores 2024 son: Ser estudiante activo durante el a\u00f1o 2023 y haberse re inscripto para el ciclo 2024. PERSONAS GRADUADAS: Personas egresadas de las distintas unidades acad\u00e9micas que hayan obtenido [&hellip;]<\/p>\n","protected":false},"author":4,"featured_media":0,"parent":0,"menu_order":0,"comment_status":"closed","ping_status":"closed","template":"","meta":{"footnotes":""},"class_list":["post-20260","page","type-page","status-publish","hentry"],"_links":{"self":[{"href":"https:\/\/fadeweb.uncoma.edu.ar\/index.php\/wp-json\/wp\/v2\/pages\/20260","targetHints":{"allow":["GET"]}}],"collection":[{"href":"https:\/\/fadeweb.uncoma.edu.ar\/index.php\/wp-json\/wp\/v2\/pages"}],"about":[{"href":"https:\/\/fadeweb.uncoma.edu.ar\/index.php\/wp-json\/wp\/v2\/types\/page"}],"author":[{"embeddable":true,"href":"https:\/\/fadeweb.uncoma.edu.ar\/index.php\/wp-json\/wp\/v2\/users\/4"}],"replies":[{"embeddable":true,"href":"https:\/\/fadeweb.uncoma.edu.ar\/index.php\/wp-json\/wp\/v2\/comments?post=20260"}],"version-history":[{"count":25,"href":"https:\/\/fadeweb.uncoma.edu.ar\/index.php\/wp-json\/wp\/v2\/pages\/20260\/revisions"}],"predecessor-version":[{"id":27859,"href":"https:\/\/fadeweb.uncoma.edu.ar\/index.php\/wp-json\/wp\/v2\/pages\/20260\/revisions\/27859"}],"wp:attachment":[{"href":"https:\/\/fadeweb.uncoma.edu.ar\/index.php\/wp-json\/wp\/v2\/media?parent=20260"}],"curies":[{"name":"wp","href":"https:\/\/api.w.org\/{rel}","templated":true}]}}