{"id":15834,"date":"2023-06-12T12:04:47","date_gmt":"2023-06-12T15:04:47","guid":{"rendered":"https:\/\/fadeweb.uncoma.edu.ar\/?page_id=15834"},"modified":"2023-06-12T12:04:47","modified_gmt":"2023-06-12T15:04:47","slug":"titulo-de-grado","status":"publish","type":"page","link":"https:\/\/fadeweb.uncoma.edu.ar\/index.php\/titulo-de-grado\/","title":{"rendered":"TITULO DE GRADO"},"content":{"rendered":"<h2><strong>PROCEDIMIENTO SOLICITUD TR\u00c1MITE DE TITULO<\/strong><\/h2>\n<ul>\n<li>El\/la estudiante que quiera iniciar los tr\u00e1mites para la obtenci\u00f3n de su t\u00edtulo de egresado, <a href=\"https:\/\/fadeweb.uncoma.edu.ar\/wp-content\/uploads\/2023\/06\/Modelo-de-Nota-TRAMITE-DE-TITULO-DE-GRADO-EGRESADOS.pdf\"><strong>deber\u00e1 completar y presentar la nota modelo que se aprueba en Anexo II<\/strong><\/a>.<\/li>\n<li>La nota deber\u00e1 ser enviada por el\/la estudiante al correo electr\u00f3nico:<a href=\"mailto:spacademica@fade.uncoma.edu.ar\"><strong> spacademica@fade.uncoma.edu.ar<\/strong><\/a><\/li>\n<li>El tr\u00e1mite se registrar\u00e1 el mismo d\u00eda de su recepci\u00f3n en el correspondiente libro de actas, asign\u00e1ndose a cada tr\u00e1mite un n\u00famero correlativo por orden de recepci\u00f3n, con la letra \u201cT\u201d al final.<\/li>\n<li>El\/la agente encargado\/a del tr\u00e1mite de egresados informar\u00e1 a el\/la estudiante el n\u00famero que se ha asignado al tr\u00e1mite, como as\u00ed tambi\u00e9n remitir\u00e1 los formularios y el listado documentaci\u00f3n que el estudiante debe remitir al correo electr\u00f3nico: <a href=\"mailto:egresados@fade.uncoma.edu.ar\"><strong>egresados@fade.uncoma.edu.ar<\/strong><\/a><\/li>\n<li>Las\/os estudiantes deben tener en consideraci\u00f3n que a\u00f1o a a\u00f1o el Rectorado de la Universidad Nacional del Comahue fija el calendario de colaciones, estableciendo all\u00ed el periodo en que se deben llevar adelante los actos y los plazos de vencimiento para que las unidades acad\u00e9micas remitan el expediente de tr\u00e1mite de t\u00edtulo a la Direcci\u00f3n de Auditoria Acad\u00e9mica Administrativa de Central.<\/li>\n<\/ul>\n<p><a href=\"https:\/\/fadeweb.uncoma.edu.ar\/wp-content\/uploads\/2023\/06\/05-Disposicion-16-EGRESADOS.pdf\">05 Disposicion 16 &#8211; EGRESADOS<\/a><\/p>\n","protected":false},"excerpt":{"rendered":"<p>PROCEDIMIENTO SOLICITUD TR\u00c1MITE DE TITULO El\/la estudiante que quiera iniciar los tr\u00e1mites para la obtenci\u00f3n de su t\u00edtulo de egresado, deber\u00e1 completar y presentar la nota modelo que se aprueba en Anexo II. La nota deber\u00e1 ser enviada por el\/la estudiante al correo electr\u00f3nico: spacademica@fade.uncoma.edu.ar El tr\u00e1mite se registrar\u00e1 el mismo d\u00eda de su recepci\u00f3n [&hellip;]<\/p>\n","protected":false},"author":4,"featured_media":0,"parent":0,"menu_order":0,"comment_status":"closed","ping_status":"closed","template":"","meta":{"footnotes":""},"class_list":["post-15834","page","type-page","status-publish","hentry"],"_links":{"self":[{"href":"https:\/\/fadeweb.uncoma.edu.ar\/index.php\/wp-json\/wp\/v2\/pages\/15834","targetHints":{"allow":["GET"]}}],"collection":[{"href":"https:\/\/fadeweb.uncoma.edu.ar\/index.php\/wp-json\/wp\/v2\/pages"}],"about":[{"href":"https:\/\/fadeweb.uncoma.edu.ar\/index.php\/wp-json\/wp\/v2\/types\/page"}],"author":[{"embeddable":true,"href":"https:\/\/fadeweb.uncoma.edu.ar\/index.php\/wp-json\/wp\/v2\/users\/4"}],"replies":[{"embeddable":true,"href":"https:\/\/fadeweb.uncoma.edu.ar\/index.php\/wp-json\/wp\/v2\/comments?post=15834"}],"version-history":[{"count":1,"href":"https:\/\/fadeweb.uncoma.edu.ar\/index.php\/wp-json\/wp\/v2\/pages\/15834\/revisions"}],"predecessor-version":[{"id":15837,"href":"https:\/\/fadeweb.uncoma.edu.ar\/index.php\/wp-json\/wp\/v2\/pages\/15834\/revisions\/15837"}],"wp:attachment":[{"href":"https:\/\/fadeweb.uncoma.edu.ar\/index.php\/wp-json\/wp\/v2\/media?parent=15834"}],"curies":[{"name":"wp","href":"https:\/\/api.w.org\/{rel}","templated":true}]}}