{"id":15826,"date":"2023-06-12T12:12:46","date_gmt":"2023-06-12T15:12:46","guid":{"rendered":"https:\/\/fadeweb.uncoma.edu.ar\/?page_id=15826"},"modified":"2023-10-09T14:03:55","modified_gmt":"2023-10-09T17:03:55","slug":"tramites-administrativos","status":"publish","type":"page","link":"https:\/\/fadeweb.uncoma.edu.ar\/index.php\/tramites-administrativos\/","title":{"rendered":"TRAMITES ADMINISTRATIVOS"},"content":{"rendered":"<h1 class=\"subject\">TRAMITES ADMINISTRATIVOS<\/h1>\n<h3 class=\"subject\">SECRETARIA ACAD\u00c9MICA<\/h3>\n<ul>\n<li><a href=\"https:\/\/fadeweb.uncoma.edu.ar\/index.php\/procedimiento-tramitacion-cambio-plan-de-estudios\/\">CAMBIO DE PLAN DE ESTUDIOS<\/a><\/li>\n<li><a href=\"https:\/\/fadeweb.uncoma.edu.ar\/index.php\/reconocimiento-de-equivalencias\/\">RECONOCIMIENTO DE EQUIVALENCIAS<\/a><\/li>\n<li><a href=\"https:\/\/fadeweb.uncoma.edu.ar\/index.php\/titulo-de-grado\/\">TITULO DE GRADO<\/a><\/li>\n<li><a href=\"https:\/\/fadeweb.uncoma.edu.ar\/index.php\/pases-a-otras-instituciones-universitarias\/\">PASES A OTRAS INSTITUCIONES UNIVERSITARIAS<\/a><\/li>\n<\/ul>\n<p>El\/la estudiante que quiera dar inicio a alguno de los tr\u00e1mites antes mencionados debe completar y presentar la nota modelo y remitirla a los dos siguientes correos electr\u00f3nicos:\u00a0<a href=\"mailto:spacademica@fade.uncoma.edu.ar\">spacademica@fade.uncoma.edu.ar<\/a> o\u00a0<a href=\"mailto:mesaentradasfadecs@yahoo.com.ar\">mesaentradasfadecs@yahoo.com.ar<\/a><\/p>\n<p>A todas las notas la mesa de entradas le asignar\u00e1 un n\u00famero. Luego, desde la Secretaria Acad\u00e9mica, te remitiremos\u00a0 un correo electr\u00f3nico con el n\u00famero que se ha asignado a tu expediente, el cual utilizar\u00e1s para consultar sobre el estado de tramitaci\u00f3n y efectuar el seguimiento.<\/p>\n","protected":false},"excerpt":{"rendered":"<p>TRAMITES ADMINISTRATIVOS SECRETARIA ACAD\u00c9MICA CAMBIO DE PLAN DE ESTUDIOS RECONOCIMIENTO DE EQUIVALENCIAS TITULO DE GRADO PASES A OTRAS INSTITUCIONES UNIVERSITARIAS El\/la estudiante que quiera dar inicio a alguno de los tr\u00e1mites antes mencionados debe completar y presentar la nota modelo y remitirla a los dos siguientes correos electr\u00f3nicos:\u00a0spacademica@fade.uncoma.edu.ar o\u00a0mesaentradasfadecs@yahoo.com.ar A todas las notas la mesa [&hellip;]<\/p>\n","protected":false},"author":4,"featured_media":0,"parent":0,"menu_order":0,"comment_status":"closed","ping_status":"closed","template":"","meta":{"footnotes":""},"class_list":["post-15826","page","type-page","status-publish","hentry"],"_links":{"self":[{"href":"https:\/\/fadeweb.uncoma.edu.ar\/index.php\/wp-json\/wp\/v2\/pages\/15826","targetHints":{"allow":["GET"]}}],"collection":[{"href":"https:\/\/fadeweb.uncoma.edu.ar\/index.php\/wp-json\/wp\/v2\/pages"}],"about":[{"href":"https:\/\/fadeweb.uncoma.edu.ar\/index.php\/wp-json\/wp\/v2\/types\/page"}],"author":[{"embeddable":true,"href":"https:\/\/fadeweb.uncoma.edu.ar\/index.php\/wp-json\/wp\/v2\/users\/4"}],"replies":[{"embeddable":true,"href":"https:\/\/fadeweb.uncoma.edu.ar\/index.php\/wp-json\/wp\/v2\/comments?post=15826"}],"version-history":[{"count":3,"href":"https:\/\/fadeweb.uncoma.edu.ar\/index.php\/wp-json\/wp\/v2\/pages\/15826\/revisions"}],"predecessor-version":[{"id":17536,"href":"https:\/\/fadeweb.uncoma.edu.ar\/index.php\/wp-json\/wp\/v2\/pages\/15826\/revisions\/17536"}],"wp:attachment":[{"href":"https:\/\/fadeweb.uncoma.edu.ar\/index.php\/wp-json\/wp\/v2\/media?parent=15826"}],"curies":[{"name":"wp","href":"https:\/\/api.w.org\/{rel}","templated":true}]}}