{"id":14952,"date":"2023-04-12T14:06:56","date_gmt":"2023-04-12T17:06:56","guid":{"rendered":"https:\/\/fadeweb.uncoma.edu.ar\/?page_id=14952"},"modified":"2023-04-25T13:56:42","modified_gmt":"2023-04-25T16:56:42","slug":"elecciones-2023-padrones-estudiantiles","status":"publish","type":"page","link":"https:\/\/fadeweb.uncoma.edu.ar\/index.php\/elecciones-2023-padrones-estudiantiles\/","title":{"rendered":"ELECCIONES 2023: PADRONES ESTUDIANTILES"},"content":{"rendered":"<h1><img fetchpriority=\"high\" decoding=\"async\" class=\"alignnone wp-image-15193\" src=\"https:\/\/fadeweb.uncoma.edu.ar\/wp-content\/uploads\/2023\/04\/padrones-est-prov-1024x1024.jpg\" alt=\"\" width=\"600\" height=\"600\" srcset=\"https:\/\/fadeweb.uncoma.edu.ar\/wp-content\/uploads\/2023\/04\/padrones-est-prov-1024x1024.jpg 1024w, https:\/\/fadeweb.uncoma.edu.ar\/wp-content\/uploads\/2023\/04\/padrones-est-prov-300x300.jpg 300w, https:\/\/fadeweb.uncoma.edu.ar\/wp-content\/uploads\/2023\/04\/padrones-est-prov-150x150.jpg 150w, https:\/\/fadeweb.uncoma.edu.ar\/wp-content\/uploads\/2023\/04\/padrones-est-prov-768x768.jpg 768w, https:\/\/fadeweb.uncoma.edu.ar\/wp-content\/uploads\/2023\/04\/padrones-est-prov.jpg 1080w\" sizes=\"(max-width: 600px) 100vw, 600px\" \/>ELECCIONES 2023: NUEVOS PADRONES ESTUDIANTILES FADE 2023 &#8211; ORDENANZA N\u00b0 220\/23<\/h1>\n<p><strong>Importante:<\/strong> nueva oportunidad para votar. Buscate en el padr\u00f3n y, si no est\u00e1s, pero reun\u00eds los requisitos, impugn\u00e1.<\/p>\n<p><strong>Para impugnar:<\/strong> enviar una nota solicitando tu incorporaci\u00f3n al correo electr\u00f3nico<a href=\"mailto:cjofade@yahoo.com.ar\"> cjofade@yahoo.com.ar<\/a>, dirigida a la Junta Electoral y firmada por el\/la interesado\/a.<\/p>\n<p>Nuevos requisitos para votar (<a href=\"https:\/\/fadeweb.uncoma.edu.ar\/wp-content\/uploads\/2023\/04\/Ord_0220_2023.pdf\">Ordenanza 0220\/2023<\/a>):<\/p>\n<p>ART\u00cdCULO 2\u00ba: ESTABLECER como requisitos para integrar el padr\u00f3n de electores 2023: Ser estudiante activo durante el a\u00f1o 2022 y haberse re inscripto para el ciclo 2023.<br \/>\nPer\u00edodo de impugnaci\u00f3n: 26, 27 y 28 de abril, hasta las 20.<\/p>\n<p><strong>Normativas y Padrones Provisorios<\/strong><br \/>\nDe acuerdo a lo establecido por la pr\u00f3rroga de la Ordenanza N\u00b0 1014\/22 y la modificaci\u00f3n del calendario para las elecciones estudiantiles 2023, el Consejo Superior UNCo publica nuevos padrones provisorios en los que se incluyen estudiantes que figuraban en los padrones oficializados, m\u00e1s estudiantes que ingresan al padr\u00f3n por el nuevo criterio dado por la pr\u00f3rroga de la Ord. 1014\/22.<\/p>\n<p><a href=\"https:\/\/fadeweb.uncoma.edu.ar\/wp-content\/uploads\/2023\/04\/FADE-NQN-1.pdf\">FADE NQN<\/a><\/p>\n<p><a href=\"https:\/\/fadeweb.uncoma.edu.ar\/wp-content\/uploads\/2023\/04\/FADE-ROCA-1.pdf\">FADE ROCA<\/a><\/p>\n<p><a href=\"https:\/\/fadeweb.uncoma.edu.ar\/wp-content\/uploads\/2023\/04\/Ord_0220_2023.pdf\">Ord_0220_2023<\/a><\/p>\n<p><a href=\"https:\/\/fadeweb.uncoma.edu.ar\/wp-content\/uploads\/2023\/04\/Resol_0314_2023.pdf\">Resol_0314_2023<\/a><\/p>\n","protected":false},"excerpt":{"rendered":"<p>ELECCIONES 2023: NUEVOS PADRONES ESTUDIANTILES FADE 2023 &#8211; ORDENANZA N\u00b0 220\/23 Importante: nueva oportunidad para votar. Buscate en el padr\u00f3n y, si no est\u00e1s, pero reun\u00eds los requisitos, impugn\u00e1. Para impugnar: enviar una nota solicitando tu incorporaci\u00f3n al correo electr\u00f3nico cjofade@yahoo.com.ar, dirigida a la Junta Electoral y firmada por el\/la interesado\/a. Nuevos requisitos para votar [&hellip;]<\/p>\n","protected":false},"author":4,"featured_media":15193,"parent":0,"menu_order":0,"comment_status":"closed","ping_status":"closed","template":"","meta":{"footnotes":""},"class_list":["post-14952","page","type-page","status-publish","has-post-thumbnail","hentry"],"_links":{"self":[{"href":"https:\/\/fadeweb.uncoma.edu.ar\/index.php\/wp-json\/wp\/v2\/pages\/14952","targetHints":{"allow":["GET"]}}],"collection":[{"href":"https:\/\/fadeweb.uncoma.edu.ar\/index.php\/wp-json\/wp\/v2\/pages"}],"about":[{"href":"https:\/\/fadeweb.uncoma.edu.ar\/index.php\/wp-json\/wp\/v2\/types\/page"}],"author":[{"embeddable":true,"href":"https:\/\/fadeweb.uncoma.edu.ar\/index.php\/wp-json\/wp\/v2\/users\/4"}],"replies":[{"embeddable":true,"href":"https:\/\/fadeweb.uncoma.edu.ar\/index.php\/wp-json\/wp\/v2\/comments?post=14952"}],"version-history":[{"count":5,"href":"https:\/\/fadeweb.uncoma.edu.ar\/index.php\/wp-json\/wp\/v2\/pages\/14952\/revisions"}],"predecessor-version":[{"id":15195,"href":"https:\/\/fadeweb.uncoma.edu.ar\/index.php\/wp-json\/wp\/v2\/pages\/14952\/revisions\/15195"}],"wp:featuredmedia":[{"embeddable":true,"href":"https:\/\/fadeweb.uncoma.edu.ar\/index.php\/wp-json\/wp\/v2\/media\/15193"}],"wp:attachment":[{"href":"https:\/\/fadeweb.uncoma.edu.ar\/index.php\/wp-json\/wp\/v2\/media?parent=14952"}],"curies":[{"name":"wp","href":"https:\/\/api.w.org\/{rel}","templated":true}]}}