{"id":14001,"date":"2023-02-24T12:24:06","date_gmt":"2023-02-24T15:24:06","guid":{"rendered":"https:\/\/fadeweb.uncoma.edu.ar\/?page_id=14001"},"modified":"2023-02-24T12:32:30","modified_gmt":"2023-02-24T15:32:30","slug":"cronograma-de-sesiones-ordinarias","status":"publish","type":"page","link":"https:\/\/fadeweb.uncoma.edu.ar\/index.php\/cronograma-de-sesiones-ordinarias\/","title":{"rendered":"CRONOGRAMA DE SESIONES ORDINARIAS"},"content":{"rendered":"\t\t<div data-elementor-type=\"wp-page\" data-elementor-id=\"14001\" class=\"elementor elementor-14001\" data-elementor-post-type=\"page\">\n\t\t\t\t\t\t<section class=\"elementor-section elementor-top-section elementor-element elementor-element-51348f6a elementor-section-boxed elementor-section-height-default elementor-section-height-default\" data-id=\"51348f6a\" data-element_type=\"section\" data-e-type=\"section\">\n\t\t\t\t\t\t<div class=\"elementor-container elementor-column-gap-default\">\n\t\t\t\t\t<div class=\"elementor-column elementor-col-100 elementor-top-column elementor-element elementor-element-5855a767\" data-id=\"5855a767\" data-element_type=\"column\" data-e-type=\"column\">\n\t\t\t<div class=\"elementor-widget-wrap elementor-element-populated\">\n\t\t\t\t\t\t<div class=\"elementor-element elementor-element-ef9eb96 elementor-widget elementor-widget-heading\" data-id=\"ef9eb96\" data-element_type=\"widget\" data-e-type=\"widget\" data-widget_type=\"heading.default\">\n\t\t\t\t<div class=\"elementor-widget-container\">\n\t\t\t\t\t<h2 class=\"elementor-heading-title elementor-size-default\">CRONOGRAMA DE SESIONES ORDINARIAS<\/h2>\t\t\t\t<\/div>\n\t\t\t\t<\/div>\n\t\t\t\t<div class=\"elementor-element elementor-element-6345ec elementor-widget elementor-widget-text-editor\" data-id=\"6345ec\" data-element_type=\"widget\" data-e-type=\"widget\" data-widget_type=\"text-editor.default\">\n\t\t\t\t<div class=\"elementor-widget-container\">\n\t\t\t\t\t\t\t\t\t<h3><span style=\"color: var( --e-global-color-text ); font-family: var( --e-global-typography-text-font-family ), Sans-serif; font-weight: var( --e-global-typography-text-font-weight ); font-size: 1rem;\">Cronograma de sesiones ordinarias para el a\u00f1o 2023 del Consejo Directivo de la Facultad de Derecho y Ciencias Sociales (Universidad nacional del Comahue)<\/span><br><\/h3>\n<table width=\"643\">\n<tbody>\n<tr>\n<td width=\"80\">N\u00ba<\/td>\n<td width=\"222\">Fecha de reuni\u00f3n<\/td>\n<td width=\"341\">Fechas de comisiones<\/td>\n<\/tr>\n<tr>\n<td>1\u00ba Sesi\u00f3n<\/td>\n<td>Mi\u00e9rcoles 22 de febrero<\/td>\n<td>martes 14 y mi\u00e9rcoles 15 de febrero<\/td>\n<\/tr>\n<tr>\n<td>2\u00ba Sesi\u00f3n<\/td>\n<td>Viernes 10 de marzo<\/td>\n<td>mi\u00e9rcoles 1\u00ba &#8211; martes 7 de marzo<\/td>\n<\/tr>\n<tr>\n<td>3\u00ba Sesi\u00f3n<\/td>\n<td>Mi\u00e9rcoles 12 de abril<\/td>\n<td>martes 4 &#8211; mi\u00e9rcoles 5 de abril<\/td>\n<\/tr>\n<tr>\n<td>4\u00ba Sesi\u00f3n<\/td>\n<td>Viernes 12 de mayo<\/td>\n<td>mi\u00e9rcoles 3 \u2013 martes 9 de mayo<\/td>\n<\/tr>\n<tr>\n<td>5\u00ba<\/td>\n<td>Mi\u00e9rcoles 14 de junio<\/td>\n<td>martes 6 &#8211; mi\u00e9rcoles 7 de junio<\/td>\n<\/tr>\n<tr>\n<td>6\u00ba<\/td>\n<td>4\u00ba Viernes 28 de julio<\/td>\n<td>mi\u00e9rcoles 5 \u2013 martes 25 de julio<\/td>\n<\/tr>\n<tr>\n<td>Receso invernal&nbsp;&nbsp;&nbsp;&nbsp; 10 al 21 de julio, inclusive.<\/td>\n<td>&nbsp;<\/td>\n<td>&nbsp;<\/td>\n<\/tr>\n<tr>\n<td>7\u00ba<\/td>\n<td>Mi\u00e9rcoles 9 de agosto<\/td>\n<td>martes 1\u00ba &#8211; mi\u00e9rcoles 2 de agosto<\/td>\n<\/tr>\n<tr>\n<td>8\u00ba<\/td>\n<td>Viernes 8 de septiembre<\/td>\n<td>mi\u00e9rcoles 30 de agosto \u2013 martes 5 de septiembre<\/td>\n<\/tr>\n<tr>\n<td>9\u00ba<\/td>\n<td>Mi\u00e9rcoles 11 de octubre<\/td>\n<td>martes 3 \u2013 mi\u00e9rcoles 4 de octubre<\/td>\n<\/tr>\n<tr>\n<td>10\u00ba<\/td>\n<td>Viernes 10 de noviembre<\/td>\n<td>mi\u00e9rcoles 1\u00ba y martes 7 de noviembre<\/td>\n<\/tr>\n<tr>\n<td>11\u00ba<\/td>\n<td>Mi\u00e9rcoles 13 de diciembre<\/td>\n<td>martes 5&nbsp; \u2013 mi\u00e9rcoles 6 de diciembre<\/td>\n<\/tr>\n<\/tbody>\n<\/table>\t\t\t\t\t\t\t\t<\/div>\n\t\t\t\t<\/div>\n\t\t\t\t\t<\/div>\n\t\t<\/div>\n\t\t\t\t\t<\/div>\n\t\t<\/section>\n\t\t\t\t<\/div>\n\t\t","protected":false},"excerpt":{"rendered":"<p>CRONOGRAMA DE SESIONES ORDINARIAS Cronograma de sesiones ordinarias para el a\u00f1o 2023 del Consejo Directivo de la Facultad de Derecho y Ciencias Sociales (Universidad nacional del Comahue) N\u00ba Fecha de reuni\u00f3n Fechas de comisiones 1\u00ba Sesi\u00f3n Mi\u00e9rcoles 22 de febrero martes 14 y mi\u00e9rcoles 15 de febrero 2\u00ba Sesi\u00f3n Viernes 10 de marzo mi\u00e9rcoles 1\u00ba [&hellip;]<\/p>\n","protected":false},"author":4,"featured_media":0,"parent":0,"menu_order":0,"comment_status":"closed","ping_status":"closed","template":"","meta":{"footnotes":""},"class_list":["post-14001","page","type-page","status-publish","hentry"],"_links":{"self":[{"href":"https:\/\/fadeweb.uncoma.edu.ar\/index.php\/wp-json\/wp\/v2\/pages\/14001","targetHints":{"allow":["GET"]}}],"collection":[{"href":"https:\/\/fadeweb.uncoma.edu.ar\/index.php\/wp-json\/wp\/v2\/pages"}],"about":[{"href":"https:\/\/fadeweb.uncoma.edu.ar\/index.php\/wp-json\/wp\/v2\/types\/page"}],"author":[{"embeddable":true,"href":"https:\/\/fadeweb.uncoma.edu.ar\/index.php\/wp-json\/wp\/v2\/users\/4"}],"replies":[{"embeddable":true,"href":"https:\/\/fadeweb.uncoma.edu.ar\/index.php\/wp-json\/wp\/v2\/comments?post=14001"}],"version-history":[{"count":6,"href":"https:\/\/fadeweb.uncoma.edu.ar\/index.php\/wp-json\/wp\/v2\/pages\/14001\/revisions"}],"predecessor-version":[{"id":14010,"href":"https:\/\/fadeweb.uncoma.edu.ar\/index.php\/wp-json\/wp\/v2\/pages\/14001\/revisions\/14010"}],"wp:attachment":[{"href":"https:\/\/fadeweb.uncoma.edu.ar\/index.php\/wp-json\/wp\/v2\/media?parent=14001"}],"curies":[{"name":"wp","href":"https:\/\/api.w.org\/{rel}","templated":true}]}}